{"id":5008,"date":"2023-05-30T13:48:03","date_gmt":"2023-05-30T11:48:03","guid":{"rendered":"https:\/\/ecosens.aretis-staging.ch\/referenz\/glatttower-wallisellen-copy-14\/"},"modified":"2025-09-03T14:43:26","modified_gmt":"2025-09-03T12:43:26","slug":"reamenagement-de-laire-de-repos-de-birrhard","status":"publish","type":"referenz","link":"https:\/\/www.ecosens.ch\/fr\/reference\/reamenagement-de-laire-de-repos-de-birrhard\/","title":{"rendered":"N01 R\u00e9am\u00e9nagement de l'aire de repos de Birrhard"},"featured_media":5010,"template":"","kategorie":[70,80],"class_list":["post-5008","referenz","type-referenz","status-publish","has-post-thumbnail","hentry","kategorie-umwelt-planung","kategorie-umweltbaubegleitung"],"acf":[],"yoast_head":"<!-- This site is optimized with the Yoast SEO plugin v26.8 - https:\/\/yoast.com\/product\/yoast-seo-wordpress\/ -->\n<title>N01 Umgestaltung Rastplatz Birrhard - Ecosens AG<\/title>\n<meta name=\"description\" content=\"Der bestehende Rastplatz Birrhard an der N01 wurde komplett umgestaltet und h\u00f6here Kapazit\u00e4ten geschaffen. Nebst Abstellpl\u00e4tzen f\u00fcr Lastwagen wurden die sanit\u00e4ren Anlagen erneuert und behindertengerecht ausgebaut. Im Rahmen des Vorhabens wurde auch die gesamte Entw\u00e4sserung der Anlage den gestiegenen gesetzlichen Anforderungen angepasst.\" \/>\n<meta name=\"robots\" content=\"index, follow, max-snippet:-1, max-image-preview:large, max-video-preview:-1\" \/>\n<link rel=\"canonical\" href=\"https:\/\/www.ecosens.ch\/fr\/reference\/reamenagement-de-laire-de-repos-de-birrhard\/\" \/>\n<meta property=\"og:locale\" content=\"fr_FR\" \/>\n<meta property=\"og:type\" content=\"article\" \/>\n<meta property=\"og:title\" content=\"N01 Umgestaltung Rastplatz Birrhard - Ecosens AG\" \/>\n<meta property=\"og:description\" content=\"Der bestehende Rastplatz Birrhard an der N01 wurde komplett umgestaltet und h\u00f6here Kapazit\u00e4ten geschaffen. Nebst Abstellpl\u00e4tzen f\u00fcr Lastwagen wurden die sanit\u00e4ren Anlagen erneuert und behindertengerecht ausgebaut. Im Rahmen des Vorhabens wurde auch die gesamte Entw\u00e4sserung der Anlage den gestiegenen gesetzlichen Anforderungen angepasst.\" \/>\n<meta property=\"og:url\" content=\"https:\/\/www.ecosens.ch\/fr\/reference\/reamenagement-de-laire-de-repos-de-birrhard\/\" \/>\n<meta property=\"og:site_name\" content=\"Ecosens AG\" \/>\n<meta property=\"article:modified_time\" content=\"2025-09-03T12:43:26+00:00\" \/>\n<meta property=\"og:image\" content=\"https:\/\/www.ecosens.ch\/wp-content\/uploads\/2023\/05\/n01-birrhard-8e79279d.png\" \/>\n\t<meta property=\"og:image:width\" content=\"405\" \/>\n\t<meta property=\"og:image:height\" content=\"291\" \/>\n\t<meta property=\"og:image:type\" content=\"image\/png\" \/>\n<meta name=\"twitter:card\" content=\"summary_large_image\" \/>\n<script type=\"application\/ld+json\" class=\"yoast-schema-graph\">{\"@context\":\"https:\/\/schema.org\",\"@graph\":[{\"@type\":\"WebPage\",\"@id\":\"https:\/\/www.ecosens.ch\/referenz\/umgestaltung-rastplatz-birrhard\/\",\"url\":\"https:\/\/www.ecosens.ch\/referenz\/umgestaltung-rastplatz-birrhard\/\",\"name\":\"N01 Umgestaltung Rastplatz Birrhard - Ecosens AG\",\"isPartOf\":{\"@id\":\"https:\/\/www.ecosens.ch\/#website\"},\"primaryImageOfPage\":{\"@id\":\"https:\/\/www.ecosens.ch\/referenz\/umgestaltung-rastplatz-birrhard\/#primaryimage\"},\"image\":{\"@id\":\"https:\/\/www.ecosens.ch\/referenz\/umgestaltung-rastplatz-birrhard\/#primaryimage\"},\"thumbnailUrl\":\"https:\/\/www.ecosens.ch\/wp-content\/uploads\/2023\/05\/n01-birrhard-8e79279d.png\",\"datePublished\":\"2023-05-30T11:48:03+00:00\",\"dateModified\":\"2025-09-03T12:43:26+00:00\",\"description\":\"Der bestehende Rastplatz Birrhard an der N01 wurde komplett umgestaltet und h\u00f6here Kapazit\u00e4ten geschaffen. Nebst Abstellpl\u00e4tzen f\u00fcr Lastwagen wurden die sanit\u00e4ren Anlagen erneuert und behindertengerecht ausgebaut. Im Rahmen des Vorhabens wurde auch die gesamte Entw\u00e4sserung der Anlage den gestiegenen gesetzlichen Anforderungen angepasst.\",\"breadcrumb\":{\"@id\":\"https:\/\/www.ecosens.ch\/referenz\/umgestaltung-rastplatz-birrhard\/#breadcrumb\"},\"inLanguage\":\"fr-FR\",\"potentialAction\":[{\"@type\":\"ReadAction\",\"target\":[\"https:\/\/www.ecosens.ch\/referenz\/umgestaltung-rastplatz-birrhard\/\"]}]},{\"@type\":\"ImageObject\",\"inLanguage\":\"fr-FR\",\"@id\":\"https:\/\/www.ecosens.ch\/referenz\/umgestaltung-rastplatz-birrhard\/#primaryimage\",\"url\":\"https:\/\/www.ecosens.ch\/wp-content\/uploads\/2023\/05\/n01-birrhard-8e79279d.png\",\"contentUrl\":\"https:\/\/www.ecosens.ch\/wp-content\/uploads\/2023\/05\/n01-birrhard-8e79279d.png\",\"width\":405,\"height\":291},{\"@type\":\"BreadcrumbList\",\"@id\":\"https:\/\/www.ecosens.ch\/referenz\/umgestaltung-rastplatz-birrhard\/#breadcrumb\",\"itemListElement\":[{\"@type\":\"ListItem\",\"position\":1,\"name\":\"Startseite\",\"item\":\"https:\/\/www.ecosens.ch\/\"},{\"@type\":\"ListItem\",\"position\":2,\"name\":\"N01 Umgestaltung Rastplatz Birrhard\"}]},{\"@type\":\"WebSite\",\"@id\":\"https:\/\/www.ecosens.ch\/#website\",\"url\":\"https:\/\/www.ecosens.ch\/\",\"name\":\"Ecosens AG\",\"description\":\"\",\"publisher\":{\"@id\":\"https:\/\/www.ecosens.ch\/#organization\"},\"potentialAction\":[{\"@type\":\"SearchAction\",\"target\":{\"@type\":\"EntryPoint\",\"urlTemplate\":\"https:\/\/www.ecosens.ch\/?s={search_term_string}\"},\"query-input\":{\"@type\":\"PropertyValueSpecification\",\"valueRequired\":true,\"valueName\":\"search_term_string\"}}],\"inLanguage\":\"fr-FR\"},{\"@type\":\"Organization\",\"@id\":\"https:\/\/www.ecosens.ch\/#organization\",\"name\":\"Ecosens AG\",\"url\":\"https:\/\/www.ecosens.ch\/\",\"logo\":{\"@type\":\"ImageObject\",\"inLanguage\":\"fr-FR\",\"@id\":\"https:\/\/www.ecosens.ch\/#\/schema\/logo\/image\/\",\"url\":\"https:\/\/www.ecosens.ch\/wp-content\/uploads\/2023\/01\/logo.svg\",\"contentUrl\":\"https:\/\/www.ecosens.ch\/wp-content\/uploads\/2023\/01\/logo.svg\",\"width\":226,\"height\":45,\"caption\":\"Ecosens AG\"},\"image\":{\"@id\":\"https:\/\/www.ecosens.ch\/#\/schema\/logo\/image\/\"}}]}<\/script>\n<!-- \/ Yoast SEO plugin. -->","yoast_head_json":{"title":"N01 R\u00e9am\u00e9nagement de l'aire de repos de Birrhard - Ecosens AG","description":"L'aire de repos existante de Birrhard sur la N01 a \u00e9t\u00e9 enti\u00e8rement r\u00e9am\u00e9nag\u00e9e et ses capacit\u00e9s ont \u00e9t\u00e9 augment\u00e9es. En plus des places de stationnement pour les camions, les installations sanitaires ont \u00e9t\u00e9 r\u00e9nov\u00e9es et adapt\u00e9es aux personnes handicap\u00e9es. Dans le cadre du projet, l'ensemble du syst\u00e8me d'\u00e9vacuation des eaux de l'aire a \u00e9galement \u00e9t\u00e9 adapt\u00e9 aux exigences l\u00e9gales accrues.","robots":{"index":"index","follow":"follow","max-snippet":"max-snippet:-1","max-image-preview":"max-image-preview:large","max-video-preview":"max-video-preview:-1"},"canonical":"https:\/\/www.ecosens.ch\/fr\/reference\/reamenagement-de-laire-de-repos-de-birrhard\/","og_locale":"fr_FR","og_type":"article","og_title":"N01 Umgestaltung Rastplatz Birrhard - Ecosens AG","og_description":"Der bestehende Rastplatz Birrhard an der N01 wurde komplett umgestaltet und h\u00f6here Kapazit\u00e4ten geschaffen. Nebst Abstellpl\u00e4tzen f\u00fcr Lastwagen wurden die sanit\u00e4ren Anlagen erneuert und behindertengerecht ausgebaut. Im Rahmen des Vorhabens wurde auch die gesamte Entw\u00e4sserung der Anlage den gestiegenen gesetzlichen Anforderungen angepasst.","og_url":"https:\/\/www.ecosens.ch\/fr\/reference\/reamenagement-de-laire-de-repos-de-birrhard\/","og_site_name":"Ecosens AG","article_modified_time":"2025-09-03T12:43:26+00:00","og_image":[{"width":405,"height":291,"url":"https:\/\/www.ecosens.ch\/wp-content\/uploads\/2023\/05\/n01-birrhard-8e79279d.png","type":"image\/png"}],"twitter_card":"summary_large_image","schema":{"@context":"https:\/\/schema.org","@graph":[{"@type":"WebPage","@id":"https:\/\/www.ecosens.ch\/referenz\/umgestaltung-rastplatz-birrhard\/","url":"https:\/\/www.ecosens.ch\/referenz\/umgestaltung-rastplatz-birrhard\/","name":"N01 R\u00e9am\u00e9nagement de l'aire de repos de Birrhard - Ecosens AG","isPartOf":{"@id":"https:\/\/www.ecosens.ch\/#website"},"primaryImageOfPage":{"@id":"https:\/\/www.ecosens.ch\/referenz\/umgestaltung-rastplatz-birrhard\/#primaryimage"},"image":{"@id":"https:\/\/www.ecosens.ch\/referenz\/umgestaltung-rastplatz-birrhard\/#primaryimage"},"thumbnailUrl":"https:\/\/www.ecosens.ch\/wp-content\/uploads\/2023\/05\/n01-birrhard-8e79279d.png","datePublished":"2023-05-30T11:48:03+00:00","dateModified":"2025-09-03T12:43:26+00:00","description":"L'aire de repos existante de Birrhard sur la N01 a \u00e9t\u00e9 enti\u00e8rement r\u00e9am\u00e9nag\u00e9e et ses capacit\u00e9s ont \u00e9t\u00e9 augment\u00e9es. En plus des places de stationnement pour les camions, les installations sanitaires ont \u00e9t\u00e9 r\u00e9nov\u00e9es et adapt\u00e9es aux personnes handicap\u00e9es. Dans le cadre du projet, l'ensemble du syst\u00e8me d'\u00e9vacuation des eaux de l'aire a \u00e9galement \u00e9t\u00e9 adapt\u00e9 aux exigences l\u00e9gales accrues.","breadcrumb":{"@id":"https:\/\/www.ecosens.ch\/referenz\/umgestaltung-rastplatz-birrhard\/#breadcrumb"},"inLanguage":"fr-FR","potentialAction":[{"@type":"ReadAction","target":["https:\/\/www.ecosens.ch\/referenz\/umgestaltung-rastplatz-birrhard\/"]}]},{"@type":"ImageObject","inLanguage":"fr-FR","@id":"https:\/\/www.ecosens.ch\/referenz\/umgestaltung-rastplatz-birrhard\/#primaryimage","url":"https:\/\/www.ecosens.ch\/wp-content\/uploads\/2023\/05\/n01-birrhard-8e79279d.png","contentUrl":"https:\/\/www.ecosens.ch\/wp-content\/uploads\/2023\/05\/n01-birrhard-8e79279d.png","width":405,"height":291},{"@type":"BreadcrumbList","@id":"https:\/\/www.ecosens.ch\/referenz\/umgestaltung-rastplatz-birrhard\/#breadcrumb","itemListElement":[{"@type":"ListItem","position":1,"name":"Startseite","item":"https:\/\/www.ecosens.ch\/"},{"@type":"ListItem","position":2,"name":"N01 Umgestaltung Rastplatz Birrhard"}]},{"@type":"WebSite","@id":"https:\/\/www.ecosens.ch\/#website","url":"https:\/\/www.ecosens.ch\/","name":"Ecosens SA","description":"","publisher":{"@id":"https:\/\/www.ecosens.ch\/#organization"},"potentialAction":[{"@type":"SearchAction","target":{"@type":"EntryPoint","urlTemplate":"https:\/\/www.ecosens.ch\/?s={search_term_string}"},"query-input":{"@type":"PropertyValueSpecification","valueRequired":true,"valueName":"search_term_string"}}],"inLanguage":"fr-FR"},{"@type":"Organization","@id":"https:\/\/www.ecosens.ch\/#organization","name":"Ecosens SA","url":"https:\/\/www.ecosens.ch\/","logo":{"@type":"ImageObject","inLanguage":"fr-FR","@id":"https:\/\/www.ecosens.ch\/#\/schema\/logo\/image\/","url":"https:\/\/www.ecosens.ch\/wp-content\/uploads\/2023\/01\/logo.svg","contentUrl":"https:\/\/www.ecosens.ch\/wp-content\/uploads\/2023\/01\/logo.svg","width":226,"height":45,"caption":"Ecosens AG"},"image":{"@id":"https:\/\/www.ecosens.ch\/#\/schema\/logo\/image\/"}}]}},"_links":{"self":[{"href":"https:\/\/www.ecosens.ch\/fr\/wp-json\/wp\/v2\/referenz\/5008","targetHints":{"allow":["GET"]}}],"collection":[{"href":"https:\/\/www.ecosens.ch\/fr\/wp-json\/wp\/v2\/referenz"}],"about":[{"href":"https:\/\/www.ecosens.ch\/fr\/wp-json\/wp\/v2\/types\/referenz"}],"version-history":[{"count":7,"href":"https:\/\/www.ecosens.ch\/fr\/wp-json\/wp\/v2\/referenz\/5008\/revisions"}],"predecessor-version":[{"id":10990,"href":"https:\/\/www.ecosens.ch\/fr\/wp-json\/wp\/v2\/referenz\/5008\/revisions\/10990"}],"wp:featuredmedia":[{"embeddable":true,"href":"https:\/\/www.ecosens.ch\/fr\/wp-json\/wp\/v2\/media\/5010"}],"wp:attachment":[{"href":"https:\/\/www.ecosens.ch\/fr\/wp-json\/wp\/v2\/media?parent=5008"}],"wp:term":[{"taxonomy":"kategorie","embeddable":true,"href":"https:\/\/www.ecosens.ch\/fr\/wp-json\/wp\/v2\/kategorie?post=5008"}],"curies":[{"name":"wp","href":"https:\/\/api.w.org\/{rel}","templated":true}]}}

N01 Réaménagement de l'aire de repos de Birrhard

<!-- This site is optimized with the Yoast SEO plugin v26.8 - https://yoast.com/product/yoast-seo-wordpress/ -->
<title>N01 Umgestaltung Rastplatz Birrhard - Ecosens AG</title>
<meta name="description" content="Der bestehende Rastplatz Birrhard an der N01 wurde komplett umgestaltet und höhere Kapazitäten geschaffen. Nebst Abstellplätzen für Lastwagen wurden die sanitären Anlagen erneuert und behindertengerecht ausgebaut. Im Rahmen des Vorhabens wurde auch die gesamte Entwässerung der Anlage den gestiegenen gesetzlichen Anforderungen angepasst." />
<meta name="robots" content="index, follow, max-snippet:-1, max-image-preview:large, max-video-preview:-1" />
<link rel="canonical" href="https://www.ecosens.ch/fr/reference/reamenagement-de-laire-de-repos-de-birrhard/" />
<meta property="og:locale" content="fr_FR" />
<meta property="og:type" content="article" />
<meta property="og:title" content="N01 Umgestaltung Rastplatz Birrhard - Ecosens AG" />
<meta property="og:description" content="Der bestehende Rastplatz Birrhard an der N01 wurde komplett umgestaltet und höhere Kapazitäten geschaffen. Nebst Abstellplätzen für Lastwagen wurden die sanitären Anlagen erneuert und behindertengerecht ausgebaut. Im Rahmen des Vorhabens wurde auch die gesamte Entwässerung der Anlage den gestiegenen gesetzlichen Anforderungen angepasst." />
<meta property="og:url" content="https://www.ecosens.ch/fr/reference/reamenagement-de-laire-de-repos-de-birrhard/" />
<meta property="og:site_name" content="Ecosens AG" />
<meta property="article:modified_time" content="2025-09-03T12:43:26+00:00" />
<meta property="og:image" content="https://www.ecosens.ch/wp-content/uploads/2023/05/n01-birrhard-8e79279d.png" />
	<meta property="og:image:width" content="405" />
	<meta property="og:image:height" content="291" />
	<meta property="og:image:type" content="image/png" />
<meta name="twitter:card" content="summary_large_image" />
<script type="application/ld+json" class="yoast-schema-graph">{"@context":"https://schema.org","@graph":[{"@type":"WebPage","@id":"https://www.ecosens.ch/referenz/umgestaltung-rastplatz-birrhard/","url":"https://www.ecosens.ch/referenz/umgestaltung-rastplatz-birrhard/","name":"N01 Umgestaltung Rastplatz Birrhard - Ecosens AG","isPartOf":{"@id":"https://www.ecosens.ch/#website"},"primaryImageOfPage":{"@id":"https://www.ecosens.ch/referenz/umgestaltung-rastplatz-birrhard/#primaryimage"},"image":{"@id":"https://www.ecosens.ch/referenz/umgestaltung-rastplatz-birrhard/#primaryimage"},"thumbnailUrl":"https://www.ecosens.ch/wp-content/uploads/2023/05/n01-birrhard-8e79279d.png","datePublished":"2023-05-30T11:48:03+00:00","dateModified":"2025-09-03T12:43:26+00:00","description":"Der bestehende Rastplatz Birrhard an der N01 wurde komplett umgestaltet und höhere Kapazitäten geschaffen. Nebst Abstellplätzen für Lastwagen wurden die sanitären Anlagen erneuert und behindertengerecht ausgebaut. Im Rahmen des Vorhabens wurde auch die gesamte Entwässerung der Anlage den gestiegenen gesetzlichen Anforderungen angepasst.","breadcrumb":{"@id":"https://www.ecosens.ch/referenz/umgestaltung-rastplatz-birrhard/#breadcrumb"},"inLanguage":"fr-FR","potentialAction":[{"@type":"ReadAction","target":["https://www.ecosens.ch/referenz/umgestaltung-rastplatz-birrhard/"]}]},{"@type":"ImageObject","inLanguage":"fr-FR","@id":"https://www.ecosens.ch/referenz/umgestaltung-rastplatz-birrhard/#primaryimage","url":"https://www.ecosens.ch/wp-content/uploads/2023/05/n01-birrhard-8e79279d.png","contentUrl":"https://www.ecosens.ch/wp-content/uploads/2023/05/n01-birrhard-8e79279d.png","width":405,"height":291},{"@type":"BreadcrumbList","@id":"https://www.ecosens.ch/referenz/umgestaltung-rastplatz-birrhard/#breadcrumb","itemListElement":[{"@type":"ListItem","position":1,"name":"Startseite","item":"https://www.ecosens.ch/"},{"@type":"ListItem","position":2,"name":"N01 Umgestaltung Rastplatz Birrhard"}]},{"@type":"WebSite","@id":"https://www.ecosens.ch/#website","url":"https://www.ecosens.ch/","name":"Ecosens AG","description":"","publisher":{"@id":"https://www.ecosens.ch/#organization"},"potentialAction":[{"@type":"SearchAction","target":{"@type":"EntryPoint","urlTemplate":"https://www.ecosens.ch/?s={search_term_string}"},"query-input":{"@type":"PropertyValueSpecification","valueRequired":true,"valueName":"search_term_string"}}],"inLanguage":"fr-FR"},{"@type":"Organization","@id":"https://www.ecosens.ch/#organization","name":"Ecosens AG","url":"https://www.ecosens.ch/","logo":{"@type":"ImageObject","inLanguage":"fr-FR","@id":"https://www.ecosens.ch/#/schema/logo/image/","url":"https://www.ecosens.ch/wp-content/uploads/2023/01/logo.svg","contentUrl":"https://www.ecosens.ch/wp-content/uploads/2023/01/logo.svg","width":226,"height":45,"caption":"Ecosens AG"},"image":{"@id":"https://www.ecosens.ch/#/schema/logo/image/"}}]}</script>
<!-- / Yoast SEO plugin. -->

N01 Réaménagement de l'aire de repos de Birrhard - Ecosens AG

L'aire de repos existante de Birrhard sur la N01 a été entièrement réaménagée et ses capacités ont été augmentées. En plus des places de stationnement pour les camions, les installations sanitaires ont été rénovées et adaptées aux personnes handicapées. Dans le cadre du projet, l'ensemble du système d'évacuation des eaux de l'aire a également été adapté aux exigences légales accrues.

Der bestehende Rastplatz Birrhard an der N01 wurde komplett umgestaltet und höhere Kapazitäten geschaffen. Nebst Abstellplätzen für Lastwagen wurden die sanitären Anlagen erneuert und behindertengerecht ausgebaut. Im Rahmen des Vorhabens wurde auch die gesamte Entwässerung der Anlage den gestiegenen gesetzlichen Anforderungen angepasst.
