{"id":5000,"date":"2023-05-30T13:42:12","date_gmt":"2023-05-30T11:42:12","guid":{"rendered":"https:\/\/ecosens.aretis-staging.ch\/referenz\/glatttower-wallisellen-copy-12\/"},"modified":"2025-09-03T14:44:29","modified_gmt":"2025-09-03T12:44:29","slug":"refection-du-raccordement-baden-west-ubb","status":"publish","type":"referenz","link":"https:\/\/www.ecosens.ch\/fr\/reference\/refection-du-raccordement-baden-west-ubb\/","title":{"rendered":"N01 R\u00e9fection de la jonction Baden West"},"featured_media":5002,"template":"","kategorie":[70,80],"class_list":["post-5000","referenz","type-referenz","status-publish","has-post-thumbnail","hentry","kategorie-umwelt-planung","kategorie-umweltbaubegleitung"],"acf":[],"yoast_head":"<!-- This site is optimized with the Yoast SEO plugin v26.8 - https:\/\/yoast.com\/product\/yoast-seo-wordpress\/ -->\n<title>N01 Instandsetzung Anschluss Baden West - Ecosens AG<\/title>\n<meta name=\"description\" content=\"Der Autobahnanschluss Baden West wurde 1969\/70 erstellt und erfuhr seither keine nennenswerten Sanierungen. F\u00fcr die Instandsetzung der vorhandenen Infrastruktur (inkl. verschiedene Kunstbauten) wurden umfangreiche Erhaltungsmassnahmen realisiert. F\u00fcr die Baustelleneinrichtungen wurden zwei Fl\u00e4chen in der Landwirtschaftszone zu Installationspl\u00e4tzen ausgebaut.\" \/>\n<meta name=\"robots\" content=\"index, follow, max-snippet:-1, max-image-preview:large, max-video-preview:-1\" \/>\n<link rel=\"canonical\" href=\"https:\/\/www.ecosens.ch\/fr\/reference\/refection-du-raccordement-baden-west-ubb\/\" \/>\n<meta property=\"og:locale\" content=\"fr_FR\" \/>\n<meta property=\"og:type\" content=\"article\" \/>\n<meta property=\"og:title\" content=\"N01 Instandsetzung Anschluss Baden West - Ecosens AG\" \/>\n<meta property=\"og:description\" content=\"Der Autobahnanschluss Baden West wurde 1969\/70 erstellt und erfuhr seither keine nennenswerten Sanierungen. F\u00fcr die Instandsetzung der vorhandenen Infrastruktur (inkl. verschiedene Kunstbauten) wurden umfangreiche Erhaltungsmassnahmen realisiert. F\u00fcr die Baustelleneinrichtungen wurden zwei Fl\u00e4chen in der Landwirtschaftszone zu Installationspl\u00e4tzen ausgebaut.\" \/>\n<meta property=\"og:url\" content=\"https:\/\/www.ecosens.ch\/fr\/reference\/refection-du-raccordement-baden-west-ubb\/\" \/>\n<meta property=\"og:site_name\" content=\"Ecosens AG\" \/>\n<meta property=\"article:modified_time\" content=\"2025-09-03T12:44:29+00:00\" \/>\n<meta property=\"og:image\" content=\"https:\/\/www.ecosens.ch\/wp-content\/uploads\/2023\/05\/n01_baden-west-01-39c4eaa7.png\" \/>\n\t<meta property=\"og:image:width\" content=\"405\" \/>\n\t<meta property=\"og:image:height\" content=\"291\" \/>\n\t<meta property=\"og:image:type\" content=\"image\/png\" \/>\n<meta name=\"twitter:card\" content=\"summary_large_image\" \/>\n<script type=\"application\/ld+json\" class=\"yoast-schema-graph\">{\"@context\":\"https:\/\/schema.org\",\"@graph\":[{\"@type\":\"WebPage\",\"@id\":\"https:\/\/www.ecosens.ch\/referenz\/instandsetzung-anschluss-baden-west-ubb\/\",\"url\":\"https:\/\/www.ecosens.ch\/referenz\/instandsetzung-anschluss-baden-west-ubb\/\",\"name\":\"N01 Instandsetzung Anschluss Baden West - Ecosens AG\",\"isPartOf\":{\"@id\":\"https:\/\/www.ecosens.ch\/#website\"},\"primaryImageOfPage\":{\"@id\":\"https:\/\/www.ecosens.ch\/referenz\/instandsetzung-anschluss-baden-west-ubb\/#primaryimage\"},\"image\":{\"@id\":\"https:\/\/www.ecosens.ch\/referenz\/instandsetzung-anschluss-baden-west-ubb\/#primaryimage\"},\"thumbnailUrl\":\"https:\/\/www.ecosens.ch\/wp-content\/uploads\/2023\/05\/n01_baden-west-01-39c4eaa7.png\",\"datePublished\":\"2023-05-30T11:42:12+00:00\",\"dateModified\":\"2025-09-03T12:44:29+00:00\",\"description\":\"Der Autobahnanschluss Baden West wurde 1969\/70 erstellt und erfuhr seither keine nennenswerten Sanierungen. F\u00fcr die Instandsetzung der vorhandenen Infrastruktur (inkl. verschiedene Kunstbauten) wurden umfangreiche Erhaltungsmassnahmen realisiert. F\u00fcr die Baustelleneinrichtungen wurden zwei Fl\u00e4chen in der Landwirtschaftszone zu Installationspl\u00e4tzen ausgebaut.\",\"breadcrumb\":{\"@id\":\"https:\/\/www.ecosens.ch\/referenz\/instandsetzung-anschluss-baden-west-ubb\/#breadcrumb\"},\"inLanguage\":\"fr-FR\",\"potentialAction\":[{\"@type\":\"ReadAction\",\"target\":[\"https:\/\/www.ecosens.ch\/referenz\/instandsetzung-anschluss-baden-west-ubb\/\"]}]},{\"@type\":\"ImageObject\",\"inLanguage\":\"fr-FR\",\"@id\":\"https:\/\/www.ecosens.ch\/referenz\/instandsetzung-anschluss-baden-west-ubb\/#primaryimage\",\"url\":\"https:\/\/www.ecosens.ch\/wp-content\/uploads\/2023\/05\/n01_baden-west-01-39c4eaa7.png\",\"contentUrl\":\"https:\/\/www.ecosens.ch\/wp-content\/uploads\/2023\/05\/n01_baden-west-01-39c4eaa7.png\",\"width\":405,\"height\":291},{\"@type\":\"BreadcrumbList\",\"@id\":\"https:\/\/www.ecosens.ch\/referenz\/instandsetzung-anschluss-baden-west-ubb\/#breadcrumb\",\"itemListElement\":[{\"@type\":\"ListItem\",\"position\":1,\"name\":\"Startseite\",\"item\":\"https:\/\/www.ecosens.ch\/\"},{\"@type\":\"ListItem\",\"position\":2,\"name\":\"N01 Instandsetzung Anschluss Baden West\"}]},{\"@type\":\"WebSite\",\"@id\":\"https:\/\/www.ecosens.ch\/#website\",\"url\":\"https:\/\/www.ecosens.ch\/\",\"name\":\"Ecosens AG\",\"description\":\"\",\"publisher\":{\"@id\":\"https:\/\/www.ecosens.ch\/#organization\"},\"potentialAction\":[{\"@type\":\"SearchAction\",\"target\":{\"@type\":\"EntryPoint\",\"urlTemplate\":\"https:\/\/www.ecosens.ch\/?s={search_term_string}\"},\"query-input\":{\"@type\":\"PropertyValueSpecification\",\"valueRequired\":true,\"valueName\":\"search_term_string\"}}],\"inLanguage\":\"fr-FR\"},{\"@type\":\"Organization\",\"@id\":\"https:\/\/www.ecosens.ch\/#organization\",\"name\":\"Ecosens AG\",\"url\":\"https:\/\/www.ecosens.ch\/\",\"logo\":{\"@type\":\"ImageObject\",\"inLanguage\":\"fr-FR\",\"@id\":\"https:\/\/www.ecosens.ch\/#\/schema\/logo\/image\/\",\"url\":\"https:\/\/www.ecosens.ch\/wp-content\/uploads\/2023\/01\/logo.svg\",\"contentUrl\":\"https:\/\/www.ecosens.ch\/wp-content\/uploads\/2023\/01\/logo.svg\",\"width\":226,\"height\":45,\"caption\":\"Ecosens AG\"},\"image\":{\"@id\":\"https:\/\/www.ecosens.ch\/#\/schema\/logo\/image\/\"}}]}<\/script>\n<!-- \/ Yoast SEO plugin. -->","yoast_head_json":{"title":"N01 R\u00e9fection de la jonction Baden West - Ecosens AG","description":"La jonction autorouti\u00e8re de Baden West a \u00e9t\u00e9 construite en 1969\/70 et n'a pas subi d'assainissement notable depuis lors. D'importantes mesures de conservation ont \u00e9t\u00e9 r\u00e9alis\u00e9es pour la remise en \u00e9tat de l'infrastructure existante (y compris divers ouvrages d'art). Pour les installations de chantier, deux surfaces situ\u00e9es dans la zone agricole ont \u00e9t\u00e9 transform\u00e9es en places d'installation.","robots":{"index":"index","follow":"follow","max-snippet":"max-snippet:-1","max-image-preview":"max-image-preview:large","max-video-preview":"max-video-preview:-1"},"canonical":"https:\/\/www.ecosens.ch\/fr\/reference\/refection-du-raccordement-baden-west-ubb\/","og_locale":"fr_FR","og_type":"article","og_title":"N01 Instandsetzung Anschluss Baden West - Ecosens AG","og_description":"Der Autobahnanschluss Baden West wurde 1969\/70 erstellt und erfuhr seither keine nennenswerten Sanierungen. F\u00fcr die Instandsetzung der vorhandenen Infrastruktur (inkl. verschiedene Kunstbauten) wurden umfangreiche Erhaltungsmassnahmen realisiert. F\u00fcr die Baustelleneinrichtungen wurden zwei Fl\u00e4chen in der Landwirtschaftszone zu Installationspl\u00e4tzen ausgebaut.","og_url":"https:\/\/www.ecosens.ch\/fr\/reference\/refection-du-raccordement-baden-west-ubb\/","og_site_name":"Ecosens AG","article_modified_time":"2025-09-03T12:44:29+00:00","og_image":[{"width":405,"height":291,"url":"https:\/\/www.ecosens.ch\/wp-content\/uploads\/2023\/05\/n01_baden-west-01-39c4eaa7.png","type":"image\/png"}],"twitter_card":"summary_large_image","schema":{"@context":"https:\/\/schema.org","@graph":[{"@type":"WebPage","@id":"https:\/\/www.ecosens.ch\/referenz\/instandsetzung-anschluss-baden-west-ubb\/","url":"https:\/\/www.ecosens.ch\/referenz\/instandsetzung-anschluss-baden-west-ubb\/","name":"N01 R\u00e9fection de la jonction Baden West - Ecosens AG","isPartOf":{"@id":"https:\/\/www.ecosens.ch\/#website"},"primaryImageOfPage":{"@id":"https:\/\/www.ecosens.ch\/referenz\/instandsetzung-anschluss-baden-west-ubb\/#primaryimage"},"image":{"@id":"https:\/\/www.ecosens.ch\/referenz\/instandsetzung-anschluss-baden-west-ubb\/#primaryimage"},"thumbnailUrl":"https:\/\/www.ecosens.ch\/wp-content\/uploads\/2023\/05\/n01_baden-west-01-39c4eaa7.png","datePublished":"2023-05-30T11:42:12+00:00","dateModified":"2025-09-03T12:44:29+00:00","description":"La jonction autorouti\u00e8re de Baden West a \u00e9t\u00e9 construite en 1969\/70 et n'a pas subi d'assainissement notable depuis lors. D'importantes mesures de conservation ont \u00e9t\u00e9 r\u00e9alis\u00e9es pour la remise en \u00e9tat de l'infrastructure existante (y compris divers ouvrages d'art). Pour les installations de chantier, deux surfaces situ\u00e9es dans la zone agricole ont \u00e9t\u00e9 transform\u00e9es en places d'installation.","breadcrumb":{"@id":"https:\/\/www.ecosens.ch\/referenz\/instandsetzung-anschluss-baden-west-ubb\/#breadcrumb"},"inLanguage":"fr-FR","potentialAction":[{"@type":"ReadAction","target":["https:\/\/www.ecosens.ch\/referenz\/instandsetzung-anschluss-baden-west-ubb\/"]}]},{"@type":"ImageObject","inLanguage":"fr-FR","@id":"https:\/\/www.ecosens.ch\/referenz\/instandsetzung-anschluss-baden-west-ubb\/#primaryimage","url":"https:\/\/www.ecosens.ch\/wp-content\/uploads\/2023\/05\/n01_baden-west-01-39c4eaa7.png","contentUrl":"https:\/\/www.ecosens.ch\/wp-content\/uploads\/2023\/05\/n01_baden-west-01-39c4eaa7.png","width":405,"height":291},{"@type":"BreadcrumbList","@id":"https:\/\/www.ecosens.ch\/referenz\/instandsetzung-anschluss-baden-west-ubb\/#breadcrumb","itemListElement":[{"@type":"ListItem","position":1,"name":"Startseite","item":"https:\/\/www.ecosens.ch\/"},{"@type":"ListItem","position":2,"name":"N01 Instandsetzung Anschluss Baden West"}]},{"@type":"WebSite","@id":"https:\/\/www.ecosens.ch\/#website","url":"https:\/\/www.ecosens.ch\/","name":"Ecosens SA","description":"","publisher":{"@id":"https:\/\/www.ecosens.ch\/#organization"},"potentialAction":[{"@type":"SearchAction","target":{"@type":"EntryPoint","urlTemplate":"https:\/\/www.ecosens.ch\/?s={search_term_string}"},"query-input":{"@type":"PropertyValueSpecification","valueRequired":true,"valueName":"search_term_string"}}],"inLanguage":"fr-FR"},{"@type":"Organization","@id":"https:\/\/www.ecosens.ch\/#organization","name":"Ecosens SA","url":"https:\/\/www.ecosens.ch\/","logo":{"@type":"ImageObject","inLanguage":"fr-FR","@id":"https:\/\/www.ecosens.ch\/#\/schema\/logo\/image\/","url":"https:\/\/www.ecosens.ch\/wp-content\/uploads\/2023\/01\/logo.svg","contentUrl":"https:\/\/www.ecosens.ch\/wp-content\/uploads\/2023\/01\/logo.svg","width":226,"height":45,"caption":"Ecosens AG"},"image":{"@id":"https:\/\/www.ecosens.ch\/#\/schema\/logo\/image\/"}}]}},"_links":{"self":[{"href":"https:\/\/www.ecosens.ch\/fr\/wp-json\/wp\/v2\/referenz\/5000","targetHints":{"allow":["GET"]}}],"collection":[{"href":"https:\/\/www.ecosens.ch\/fr\/wp-json\/wp\/v2\/referenz"}],"about":[{"href":"https:\/\/www.ecosens.ch\/fr\/wp-json\/wp\/v2\/types\/referenz"}],"version-history":[{"count":7,"href":"https:\/\/www.ecosens.ch\/fr\/wp-json\/wp\/v2\/referenz\/5000\/revisions"}],"predecessor-version":[{"id":10992,"href":"https:\/\/www.ecosens.ch\/fr\/wp-json\/wp\/v2\/referenz\/5000\/revisions\/10992"}],"wp:featuredmedia":[{"embeddable":true,"href":"https:\/\/www.ecosens.ch\/fr\/wp-json\/wp\/v2\/media\/5002"}],"wp:attachment":[{"href":"https:\/\/www.ecosens.ch\/fr\/wp-json\/wp\/v2\/media?parent=5000"}],"wp:term":[{"taxonomy":"kategorie","embeddable":true,"href":"https:\/\/www.ecosens.ch\/fr\/wp-json\/wp\/v2\/kategorie?post=5000"}],"curies":[{"name":"wp","href":"https:\/\/api.w.org\/{rel}","templated":true}]}}

N01 Réfection de la jonction Baden West

<!-- This site is optimized with the Yoast SEO plugin v26.8 - https://yoast.com/product/yoast-seo-wordpress/ -->
<title>N01 Instandsetzung Anschluss Baden West - Ecosens AG</title>
<meta name="description" content="Der Autobahnanschluss Baden West wurde 1969/70 erstellt und erfuhr seither keine nennenswerten Sanierungen. Für die Instandsetzung der vorhandenen Infrastruktur (inkl. verschiedene Kunstbauten) wurden umfangreiche Erhaltungsmassnahmen realisiert. Für die Baustelleneinrichtungen wurden zwei Flächen in der Landwirtschaftszone zu Installationsplätzen ausgebaut." />
<meta name="robots" content="index, follow, max-snippet:-1, max-image-preview:large, max-video-preview:-1" />
<link rel="canonical" href="https://www.ecosens.ch/fr/reference/refection-du-raccordement-baden-west-ubb/" />
<meta property="og:locale" content="fr_FR" />
<meta property="og:type" content="article" />
<meta property="og:title" content="N01 Instandsetzung Anschluss Baden West - Ecosens AG" />
<meta property="og:description" content="Der Autobahnanschluss Baden West wurde 1969/70 erstellt und erfuhr seither keine nennenswerten Sanierungen. Für die Instandsetzung der vorhandenen Infrastruktur (inkl. verschiedene Kunstbauten) wurden umfangreiche Erhaltungsmassnahmen realisiert. Für die Baustelleneinrichtungen wurden zwei Flächen in der Landwirtschaftszone zu Installationsplätzen ausgebaut." />
<meta property="og:url" content="https://www.ecosens.ch/fr/reference/refection-du-raccordement-baden-west-ubb/" />
<meta property="og:site_name" content="Ecosens AG" />
<meta property="article:modified_time" content="2025-09-03T12:44:29+00:00" />
<meta property="og:image" content="https://www.ecosens.ch/wp-content/uploads/2023/05/n01_baden-west-01-39c4eaa7.png" />
	<meta property="og:image:width" content="405" />
	<meta property="og:image:height" content="291" />
	<meta property="og:image:type" content="image/png" />
<meta name="twitter:card" content="summary_large_image" />
<script type="application/ld+json" class="yoast-schema-graph">{"@context":"https://schema.org","@graph":[{"@type":"WebPage","@id":"https://www.ecosens.ch/referenz/instandsetzung-anschluss-baden-west-ubb/","url":"https://www.ecosens.ch/referenz/instandsetzung-anschluss-baden-west-ubb/","name":"N01 Instandsetzung Anschluss Baden West - Ecosens AG","isPartOf":{"@id":"https://www.ecosens.ch/#website"},"primaryImageOfPage":{"@id":"https://www.ecosens.ch/referenz/instandsetzung-anschluss-baden-west-ubb/#primaryimage"},"image":{"@id":"https://www.ecosens.ch/referenz/instandsetzung-anschluss-baden-west-ubb/#primaryimage"},"thumbnailUrl":"https://www.ecosens.ch/wp-content/uploads/2023/05/n01_baden-west-01-39c4eaa7.png","datePublished":"2023-05-30T11:42:12+00:00","dateModified":"2025-09-03T12:44:29+00:00","description":"Der Autobahnanschluss Baden West wurde 1969/70 erstellt und erfuhr seither keine nennenswerten Sanierungen. Für die Instandsetzung der vorhandenen Infrastruktur (inkl. verschiedene Kunstbauten) wurden umfangreiche Erhaltungsmassnahmen realisiert. Für die Baustelleneinrichtungen wurden zwei Flächen in der Landwirtschaftszone zu Installationsplätzen ausgebaut.","breadcrumb":{"@id":"https://www.ecosens.ch/referenz/instandsetzung-anschluss-baden-west-ubb/#breadcrumb"},"inLanguage":"fr-FR","potentialAction":[{"@type":"ReadAction","target":["https://www.ecosens.ch/referenz/instandsetzung-anschluss-baden-west-ubb/"]}]},{"@type":"ImageObject","inLanguage":"fr-FR","@id":"https://www.ecosens.ch/referenz/instandsetzung-anschluss-baden-west-ubb/#primaryimage","url":"https://www.ecosens.ch/wp-content/uploads/2023/05/n01_baden-west-01-39c4eaa7.png","contentUrl":"https://www.ecosens.ch/wp-content/uploads/2023/05/n01_baden-west-01-39c4eaa7.png","width":405,"height":291},{"@type":"BreadcrumbList","@id":"https://www.ecosens.ch/referenz/instandsetzung-anschluss-baden-west-ubb/#breadcrumb","itemListElement":[{"@type":"ListItem","position":1,"name":"Startseite","item":"https://www.ecosens.ch/"},{"@type":"ListItem","position":2,"name":"N01 Instandsetzung Anschluss Baden West"}]},{"@type":"WebSite","@id":"https://www.ecosens.ch/#website","url":"https://www.ecosens.ch/","name":"Ecosens AG","description":"","publisher":{"@id":"https://www.ecosens.ch/#organization"},"potentialAction":[{"@type":"SearchAction","target":{"@type":"EntryPoint","urlTemplate":"https://www.ecosens.ch/?s={search_term_string}"},"query-input":{"@type":"PropertyValueSpecification","valueRequired":true,"valueName":"search_term_string"}}],"inLanguage":"fr-FR"},{"@type":"Organization","@id":"https://www.ecosens.ch/#organization","name":"Ecosens AG","url":"https://www.ecosens.ch/","logo":{"@type":"ImageObject","inLanguage":"fr-FR","@id":"https://www.ecosens.ch/#/schema/logo/image/","url":"https://www.ecosens.ch/wp-content/uploads/2023/01/logo.svg","contentUrl":"https://www.ecosens.ch/wp-content/uploads/2023/01/logo.svg","width":226,"height":45,"caption":"Ecosens AG"},"image":{"@id":"https://www.ecosens.ch/#/schema/logo/image/"}}]}</script>
<!-- / Yoast SEO plugin. -->

N01 Réfection de la jonction Baden West - Ecosens AG

La jonction autoroutière de Baden West a été construite en 1969/70 et n'a pas subi d'assainissement notable depuis lors. D'importantes mesures de conservation ont été réalisées pour la remise en état de l'infrastructure existante (y compris divers ouvrages d'art). Pour les installations de chantier, deux surfaces situées dans la zone agricole ont été transformées en places d'installation.

Der Autobahnanschluss Baden West wurde 1969/70 erstellt und erfuhr seither keine nennenswerten Sanierungen. Für die Instandsetzung der vorhandenen Infrastruktur (inkl. verschiedene Kunstbauten) wurden umfangreiche Erhaltungsmassnahmen realisiert. Für die Baustelleneinrichtungen wurden zwei Flächen in der Landwirtschaftszone zu Installationsplätzen ausgebaut.
