{"id":4761,"date":"2023-05-25T11:24:54","date_gmt":"2023-05-25T09:24:54","guid":{"rendered":"https:\/\/ecosens.aretis-staging.ch\/?post_type=referenz&#038;p=4761"},"modified":"2024-03-05T15:39:33","modified_gmt":"2024-03-05T14:39:33","slug":"mesures-de-protection-du-captage-detzwilen","status":"publish","type":"referenz","link":"https:\/\/www.ecosens.ch\/fr\/reference\/mesures-de-protection-du-captage-detzwilen\/","title":{"rendered":"Mesures de protection du captage d'Etzwilen"},"featured_media":4762,"template":"","kategorie":[68,74],"class_list":["post-4761","referenz","type-referenz","status-publish","has-post-thumbnail","hentry","kategorie-altlastengeologie","kategorie-grundwasser"],"acf":[],"yoast_head":"<!-- This site is optimized with the Yoast SEO plugin v26.8 - https:\/\/yoast.com\/product\/yoast-seo-wordpress\/ -->\n<title>Schutzmassnahmen Fassung Etzwilen - Ecosens AG<\/title>\n<meta name=\"description\" content=\"Die Grundwasserfassung \u00abPf\u00fctziacker\u00bb zwischen den Ortschaften Bleuelhusen und Etzwilen ist seit dem Jahre 1929 in Betrieb. Im Jahre 2022 wurde die alte Fassung mit zwei neuen Vertikalfilterbrunnen erneuert. Ziel dieser Arbeiten war die Optimierung der Fassungskapazit\u00e4t sowie der Schutzzonensituation.\" \/>\n<meta name=\"robots\" content=\"index, follow, max-snippet:-1, max-image-preview:large, max-video-preview:-1\" \/>\n<link rel=\"canonical\" href=\"https:\/\/www.ecosens.ch\/fr\/reference\/mesures-de-protection-du-captage-detzwilen\/\" \/>\n<meta property=\"og:locale\" content=\"fr_FR\" \/>\n<meta property=\"og:type\" content=\"article\" \/>\n<meta property=\"og:title\" content=\"Schutzmassnahmen Fassung Etzwilen - Ecosens AG\" \/>\n<meta property=\"og:description\" content=\"Die Grundwasserfassung \u00abPf\u00fctziacker\u00bb zwischen den Ortschaften Bleuelhusen und Etzwilen ist seit dem Jahre 1929 in Betrieb. Im Jahre 2022 wurde die alte Fassung mit zwei neuen Vertikalfilterbrunnen erneuert. Ziel dieser Arbeiten war die Optimierung der Fassungskapazit\u00e4t sowie der Schutzzonensituation.\" \/>\n<meta property=\"og:url\" content=\"https:\/\/www.ecosens.ch\/fr\/reference\/mesures-de-protection-du-captage-detzwilen\/\" \/>\n<meta property=\"og:site_name\" content=\"Ecosens AG\" \/>\n<meta property=\"article:modified_time\" content=\"2024-03-05T14:39:33+00:00\" \/>\n<meta property=\"og:image\" content=\"https:\/\/www.ecosens.ch\/wp-content\/uploads\/2023\/05\/referenz_grundwasser1.jpg\" \/>\n\t<meta property=\"og:image:width\" content=\"405\" \/>\n\t<meta property=\"og:image:height\" content=\"291\" \/>\n\t<meta property=\"og:image:type\" content=\"image\/jpeg\" \/>\n<meta name=\"twitter:card\" content=\"summary_large_image\" \/>\n<script type=\"application\/ld+json\" class=\"yoast-schema-graph\">{\"@context\":\"https:\/\/schema.org\",\"@graph\":[{\"@type\":\"WebPage\",\"@id\":\"https:\/\/www.ecosens.ch\/referenz\/schutzmassnahmen-fassung-etzwilen\/\",\"url\":\"https:\/\/www.ecosens.ch\/referenz\/schutzmassnahmen-fassung-etzwilen\/\",\"name\":\"Schutzmassnahmen Fassung Etzwilen - Ecosens AG\",\"isPartOf\":{\"@id\":\"https:\/\/www.ecosens.ch\/#website\"},\"primaryImageOfPage\":{\"@id\":\"https:\/\/www.ecosens.ch\/referenz\/schutzmassnahmen-fassung-etzwilen\/#primaryimage\"},\"image\":{\"@id\":\"https:\/\/www.ecosens.ch\/referenz\/schutzmassnahmen-fassung-etzwilen\/#primaryimage\"},\"thumbnailUrl\":\"https:\/\/www.ecosens.ch\/wp-content\/uploads\/2023\/05\/referenz_grundwasser1.jpg\",\"datePublished\":\"2023-05-25T09:24:54+00:00\",\"dateModified\":\"2024-03-05T14:39:33+00:00\",\"description\":\"Die Grundwasserfassung \u00abPf\u00fctziacker\u00bb zwischen den Ortschaften Bleuelhusen und Etzwilen ist seit dem Jahre 1929 in Betrieb. Im Jahre 2022 wurde die alte Fassung mit zwei neuen Vertikalfilterbrunnen erneuert. Ziel dieser Arbeiten war die Optimierung der Fassungskapazit\u00e4t sowie der Schutzzonensituation.\",\"breadcrumb\":{\"@id\":\"https:\/\/www.ecosens.ch\/referenz\/schutzmassnahmen-fassung-etzwilen\/#breadcrumb\"},\"inLanguage\":\"fr-FR\",\"potentialAction\":[{\"@type\":\"ReadAction\",\"target\":[\"https:\/\/www.ecosens.ch\/referenz\/schutzmassnahmen-fassung-etzwilen\/\"]}]},{\"@type\":\"ImageObject\",\"inLanguage\":\"fr-FR\",\"@id\":\"https:\/\/www.ecosens.ch\/referenz\/schutzmassnahmen-fassung-etzwilen\/#primaryimage\",\"url\":\"https:\/\/www.ecosens.ch\/wp-content\/uploads\/2023\/05\/referenz_grundwasser1.jpg\",\"contentUrl\":\"https:\/\/www.ecosens.ch\/wp-content\/uploads\/2023\/05\/referenz_grundwasser1.jpg\",\"width\":405,\"height\":291},{\"@type\":\"BreadcrumbList\",\"@id\":\"https:\/\/www.ecosens.ch\/referenz\/schutzmassnahmen-fassung-etzwilen\/#breadcrumb\",\"itemListElement\":[{\"@type\":\"ListItem\",\"position\":1,\"name\":\"Startseite\",\"item\":\"https:\/\/www.ecosens.ch\/\"},{\"@type\":\"ListItem\",\"position\":2,\"name\":\"Schutzmassnahmen Fassung Etzwilen\"}]},{\"@type\":\"WebSite\",\"@id\":\"https:\/\/www.ecosens.ch\/#website\",\"url\":\"https:\/\/www.ecosens.ch\/\",\"name\":\"Ecosens AG\",\"description\":\"\",\"publisher\":{\"@id\":\"https:\/\/www.ecosens.ch\/#organization\"},\"potentialAction\":[{\"@type\":\"SearchAction\",\"target\":{\"@type\":\"EntryPoint\",\"urlTemplate\":\"https:\/\/www.ecosens.ch\/?s={search_term_string}\"},\"query-input\":{\"@type\":\"PropertyValueSpecification\",\"valueRequired\":true,\"valueName\":\"search_term_string\"}}],\"inLanguage\":\"fr-FR\"},{\"@type\":\"Organization\",\"@id\":\"https:\/\/www.ecosens.ch\/#organization\",\"name\":\"Ecosens AG\",\"url\":\"https:\/\/www.ecosens.ch\/\",\"logo\":{\"@type\":\"ImageObject\",\"inLanguage\":\"fr-FR\",\"@id\":\"https:\/\/www.ecosens.ch\/#\/schema\/logo\/image\/\",\"url\":\"https:\/\/www.ecosens.ch\/wp-content\/uploads\/2023\/01\/logo.svg\",\"contentUrl\":\"https:\/\/www.ecosens.ch\/wp-content\/uploads\/2023\/01\/logo.svg\",\"width\":226,\"height\":45,\"caption\":\"Ecosens AG\"},\"image\":{\"@id\":\"https:\/\/www.ecosens.ch\/#\/schema\/logo\/image\/\"}}]}<\/script>\n<!-- \/ Yoast SEO plugin. -->","yoast_head_json":{"title":"Mesures de protection du captage d'Etzwilen - Ecosens AG","description":"Le captage d'eau souterraine \"Pf\u00fctziacker\" entre les localit\u00e9s de Bleuelhusen et Etzwilen est en service depuis 1929. En 2022, l'ancien captage a \u00e9t\u00e9 r\u00e9nov\u00e9 avec deux nouveaux puits \u00e0 filtre vertical. L'objectif de ces travaux \u00e9tait d'optimiser la capacit\u00e9 de captage ainsi que la situation de la zone de protection.","robots":{"index":"index","follow":"follow","max-snippet":"max-snippet:-1","max-image-preview":"max-image-preview:large","max-video-preview":"max-video-preview:-1"},"canonical":"https:\/\/www.ecosens.ch\/fr\/reference\/mesures-de-protection-du-captage-detzwilen\/","og_locale":"fr_FR","og_type":"article","og_title":"Schutzmassnahmen Fassung Etzwilen - Ecosens AG","og_description":"Die Grundwasserfassung \u00abPf\u00fctziacker\u00bb zwischen den Ortschaften Bleuelhusen und Etzwilen ist seit dem Jahre 1929 in Betrieb. Im Jahre 2022 wurde die alte Fassung mit zwei neuen Vertikalfilterbrunnen erneuert. Ziel dieser Arbeiten war die Optimierung der Fassungskapazit\u00e4t sowie der Schutzzonensituation.","og_url":"https:\/\/www.ecosens.ch\/fr\/reference\/mesures-de-protection-du-captage-detzwilen\/","og_site_name":"Ecosens AG","article_modified_time":"2024-03-05T14:39:33+00:00","og_image":[{"width":405,"height":291,"url":"https:\/\/www.ecosens.ch\/wp-content\/uploads\/2023\/05\/referenz_grundwasser1.jpg","type":"image\/jpeg"}],"twitter_card":"summary_large_image","schema":{"@context":"https:\/\/schema.org","@graph":[{"@type":"WebPage","@id":"https:\/\/www.ecosens.ch\/referenz\/schutzmassnahmen-fassung-etzwilen\/","url":"https:\/\/www.ecosens.ch\/referenz\/schutzmassnahmen-fassung-etzwilen\/","name":"Mesures de protection du captage d'Etzwilen - Ecosens AG","isPartOf":{"@id":"https:\/\/www.ecosens.ch\/#website"},"primaryImageOfPage":{"@id":"https:\/\/www.ecosens.ch\/referenz\/schutzmassnahmen-fassung-etzwilen\/#primaryimage"},"image":{"@id":"https:\/\/www.ecosens.ch\/referenz\/schutzmassnahmen-fassung-etzwilen\/#primaryimage"},"thumbnailUrl":"https:\/\/www.ecosens.ch\/wp-content\/uploads\/2023\/05\/referenz_grundwasser1.jpg","datePublished":"2023-05-25T09:24:54+00:00","dateModified":"2024-03-05T14:39:33+00:00","description":"Le captage d'eau souterraine \"Pf\u00fctziacker\" entre les localit\u00e9s de Bleuelhusen et Etzwilen est en service depuis 1929. En 2022, l'ancien captage a \u00e9t\u00e9 r\u00e9nov\u00e9 avec deux nouveaux puits \u00e0 filtre vertical. L'objectif de ces travaux \u00e9tait d'optimiser la capacit\u00e9 de captage ainsi que la situation de la zone de protection.","breadcrumb":{"@id":"https:\/\/www.ecosens.ch\/referenz\/schutzmassnahmen-fassung-etzwilen\/#breadcrumb"},"inLanguage":"fr-FR","potentialAction":[{"@type":"ReadAction","target":["https:\/\/www.ecosens.ch\/referenz\/schutzmassnahmen-fassung-etzwilen\/"]}]},{"@type":"ImageObject","inLanguage":"fr-FR","@id":"https:\/\/www.ecosens.ch\/referenz\/schutzmassnahmen-fassung-etzwilen\/#primaryimage","url":"https:\/\/www.ecosens.ch\/wp-content\/uploads\/2023\/05\/referenz_grundwasser1.jpg","contentUrl":"https:\/\/www.ecosens.ch\/wp-content\/uploads\/2023\/05\/referenz_grundwasser1.jpg","width":405,"height":291},{"@type":"BreadcrumbList","@id":"https:\/\/www.ecosens.ch\/referenz\/schutzmassnahmen-fassung-etzwilen\/#breadcrumb","itemListElement":[{"@type":"ListItem","position":1,"name":"Startseite","item":"https:\/\/www.ecosens.ch\/"},{"@type":"ListItem","position":2,"name":"Schutzmassnahmen Fassung Etzwilen"}]},{"@type":"WebSite","@id":"https:\/\/www.ecosens.ch\/#website","url":"https:\/\/www.ecosens.ch\/","name":"Ecosens SA","description":"","publisher":{"@id":"https:\/\/www.ecosens.ch\/#organization"},"potentialAction":[{"@type":"SearchAction","target":{"@type":"EntryPoint","urlTemplate":"https:\/\/www.ecosens.ch\/?s={search_term_string}"},"query-input":{"@type":"PropertyValueSpecification","valueRequired":true,"valueName":"search_term_string"}}],"inLanguage":"fr-FR"},{"@type":"Organization","@id":"https:\/\/www.ecosens.ch\/#organization","name":"Ecosens SA","url":"https:\/\/www.ecosens.ch\/","logo":{"@type":"ImageObject","inLanguage":"fr-FR","@id":"https:\/\/www.ecosens.ch\/#\/schema\/logo\/image\/","url":"https:\/\/www.ecosens.ch\/wp-content\/uploads\/2023\/01\/logo.svg","contentUrl":"https:\/\/www.ecosens.ch\/wp-content\/uploads\/2023\/01\/logo.svg","width":226,"height":45,"caption":"Ecosens AG"},"image":{"@id":"https:\/\/www.ecosens.ch\/#\/schema\/logo\/image\/"}}]}},"_links":{"self":[{"href":"https:\/\/www.ecosens.ch\/fr\/wp-json\/wp\/v2\/referenz\/4761","targetHints":{"allow":["GET"]}}],"collection":[{"href":"https:\/\/www.ecosens.ch\/fr\/wp-json\/wp\/v2\/referenz"}],"about":[{"href":"https:\/\/www.ecosens.ch\/fr\/wp-json\/wp\/v2\/types\/referenz"}],"version-history":[{"count":5,"href":"https:\/\/www.ecosens.ch\/fr\/wp-json\/wp\/v2\/referenz\/4761\/revisions"}],"predecessor-version":[{"id":9117,"href":"https:\/\/www.ecosens.ch\/fr\/wp-json\/wp\/v2\/referenz\/4761\/revisions\/9117"}],"wp:featuredmedia":[{"embeddable":true,"href":"https:\/\/www.ecosens.ch\/fr\/wp-json\/wp\/v2\/media\/4762"}],"wp:attachment":[{"href":"https:\/\/www.ecosens.ch\/fr\/wp-json\/wp\/v2\/media?parent=4761"}],"wp:term":[{"taxonomy":"kategorie","embeddable":true,"href":"https:\/\/www.ecosens.ch\/fr\/wp-json\/wp\/v2\/kategorie?post=4761"}],"curies":[{"name":"wp","href":"https:\/\/api.w.org\/{rel}","templated":true}]}}

<!-- This site is optimized with the Yoast SEO plugin v26.8 - https://yoast.com/product/yoast-seo-wordpress/ -->
<title>Schutzmassnahmen Fassung Etzwilen - Ecosens AG</title>
<meta name="description" content="Die Grundwasserfassung «Pfütziacker» zwischen den Ortschaften Bleuelhusen und Etzwilen ist seit dem Jahre 1929 in Betrieb. Im Jahre 2022 wurde die alte Fassung mit zwei neuen Vertikalfilterbrunnen erneuert. Ziel dieser Arbeiten war die Optimierung der Fassungskapazität sowie der Schutzzonensituation." />
<meta name="robots" content="index, follow, max-snippet:-1, max-image-preview:large, max-video-preview:-1" />
<link rel="canonical" href="https://www.ecosens.ch/fr/reference/mesures-de-protection-du-captage-detzwilen/" />
<meta property="og:locale" content="fr_FR" />
<meta property="og:type" content="article" />
<meta property="og:title" content="Schutzmassnahmen Fassung Etzwilen - Ecosens AG" />
<meta property="og:description" content="Die Grundwasserfassung «Pfütziacker» zwischen den Ortschaften Bleuelhusen und Etzwilen ist seit dem Jahre 1929 in Betrieb. Im Jahre 2022 wurde die alte Fassung mit zwei neuen Vertikalfilterbrunnen erneuert. Ziel dieser Arbeiten war die Optimierung der Fassungskapazität sowie der Schutzzonensituation." />
<meta property="og:url" content="https://www.ecosens.ch/fr/reference/mesures-de-protection-du-captage-detzwilen/" />
<meta property="og:site_name" content="Ecosens AG" />
<meta property="article:modified_time" content="2024-03-05T14:39:33+00:00" />
<meta property="og:image" content="https://www.ecosens.ch/wp-content/uploads/2023/05/referenz_grundwasser1.jpg" />
	<meta property="og:image:width" content="405" />
	<meta property="og:image:height" content="291" />
	<meta property="og:image:type" content="image/jpeg" />
<meta name="twitter:card" content="summary_large_image" />
<script type="application/ld+json" class="yoast-schema-graph">{"@context":"https://schema.org","@graph":[{"@type":"WebPage","@id":"https://www.ecosens.ch/referenz/schutzmassnahmen-fassung-etzwilen/","url":"https://www.ecosens.ch/referenz/schutzmassnahmen-fassung-etzwilen/","name":"Schutzmassnahmen Fassung Etzwilen - Ecosens AG","isPartOf":{"@id":"https://www.ecosens.ch/#website"},"primaryImageOfPage":{"@id":"https://www.ecosens.ch/referenz/schutzmassnahmen-fassung-etzwilen/#primaryimage"},"image":{"@id":"https://www.ecosens.ch/referenz/schutzmassnahmen-fassung-etzwilen/#primaryimage"},"thumbnailUrl":"https://www.ecosens.ch/wp-content/uploads/2023/05/referenz_grundwasser1.jpg","datePublished":"2023-05-25T09:24:54+00:00","dateModified":"2024-03-05T14:39:33+00:00","description":"Die Grundwasserfassung «Pfütziacker» zwischen den Ortschaften Bleuelhusen und Etzwilen ist seit dem Jahre 1929 in Betrieb. Im Jahre 2022 wurde die alte Fassung mit zwei neuen Vertikalfilterbrunnen erneuert. Ziel dieser Arbeiten war die Optimierung der Fassungskapazität sowie der Schutzzonensituation.","breadcrumb":{"@id":"https://www.ecosens.ch/referenz/schutzmassnahmen-fassung-etzwilen/#breadcrumb"},"inLanguage":"fr-FR","potentialAction":[{"@type":"ReadAction","target":["https://www.ecosens.ch/referenz/schutzmassnahmen-fassung-etzwilen/"]}]},{"@type":"ImageObject","inLanguage":"fr-FR","@id":"https://www.ecosens.ch/referenz/schutzmassnahmen-fassung-etzwilen/#primaryimage","url":"https://www.ecosens.ch/wp-content/uploads/2023/05/referenz_grundwasser1.jpg","contentUrl":"https://www.ecosens.ch/wp-content/uploads/2023/05/referenz_grundwasser1.jpg","width":405,"height":291},{"@type":"BreadcrumbList","@id":"https://www.ecosens.ch/referenz/schutzmassnahmen-fassung-etzwilen/#breadcrumb","itemListElement":[{"@type":"ListItem","position":1,"name":"Startseite","item":"https://www.ecosens.ch/"},{"@type":"ListItem","position":2,"name":"Schutzmassnahmen Fassung Etzwilen"}]},{"@type":"WebSite","@id":"https://www.ecosens.ch/#website","url":"https://www.ecosens.ch/","name":"Ecosens AG","description":"","publisher":{"@id":"https://www.ecosens.ch/#organization"},"potentialAction":[{"@type":"SearchAction","target":{"@type":"EntryPoint","urlTemplate":"https://www.ecosens.ch/?s={search_term_string}"},"query-input":{"@type":"PropertyValueSpecification","valueRequired":true,"valueName":"search_term_string"}}],"inLanguage":"fr-FR"},{"@type":"Organization","@id":"https://www.ecosens.ch/#organization","name":"Ecosens AG","url":"https://www.ecosens.ch/","logo":{"@type":"ImageObject","inLanguage":"fr-FR","@id":"https://www.ecosens.ch/#/schema/logo/image/","url":"https://www.ecosens.ch/wp-content/uploads/2023/01/logo.svg","contentUrl":"https://www.ecosens.ch/wp-content/uploads/2023/01/logo.svg","width":226,"height":45,"caption":"Ecosens AG"},"image":{"@id":"https://www.ecosens.ch/#/schema/logo/image/"}}]}</script>
<!-- / Yoast SEO plugin. -->

Le captage d'eau souterraine "Pfütziacker" entre les localités de Bleuelhusen et Etzwilen est en service depuis 1929. En 2022, l'ancien captage a été rénové avec deux nouveaux puits à filtre vertical. L'objectif de ces travaux était d'optimiser la capacité de captage ainsi que la situation de la zone de protection.

Die Grundwasserfassung «Pfütziacker» zwischen den Ortschaften Bleuelhusen und Etzwilen ist seit dem Jahre 1929 in Betrieb. Im Jahre 2022 wurde die alte Fassung mit zwei neuen Vertikalfilterbrunnen erneuert. Ziel dieser Arbeiten war die Optimierung der Fassungskapazität sowie der Schutzzonensituation.
