{"id":4900,"date":"2023-05-29T19:42:58","date_gmt":"2023-05-29T17:42:58","guid":{"rendered":"https:\/\/ecosens.aretis-staging.ch\/ansprechpartner\/michael-rueffer-copy-copy-16\/"},"modified":"2025-07-02T10:06:33","modified_gmt":"2025-07-02T08:06:33","slug":"seidel","status":"publish","type":"ansprechpartner","link":"https:\/\/www.ecosens.ch\/fr\/contact\/seidel\/","title":{"rendered":"Norman Seidel"},"featured_media":4902,"template":"","level":[94],"class_list":["post-4900","ansprechpartner","type-ansprechpartner","status-publish","has-post-thumbnail","hentry","level-gebaeude"],"acf":[],"yoast_head":"<!-- This site is optimized with the Yoast SEO plugin v26.8 - https:\/\/yoast.com\/product\/yoast-seo-wordpress\/ -->\n<title>Norman Seidel - Senior Projektleiter FBL Geb\u00e4udeschadstoffe - Ecosens AG<\/title>\n<meta name=\"description\" content=\"Erfahrung  Diagnostik Geb\u00e4udeschadstoffe Altlastsanierung Fachplanung Fachbauleitung Umweltberatung  Spezialgebiete  Asbest PCB PAK Grundbaustoffe Projekt- und Bauleitung Raumluftmessungen\" \/>\n<meta name=\"robots\" content=\"index, follow, max-snippet:-1, max-image-preview:large, max-video-preview:-1\" \/>\n<link rel=\"canonical\" href=\"https:\/\/www.ecosens.ch\/fr\/contact\/seidel\/\" \/>\n<meta property=\"og:locale\" content=\"fr_FR\" \/>\n<meta property=\"og:type\" content=\"article\" \/>\n<meta property=\"og:title\" content=\"Norman Seidel - Senior Projektleiter FBL Geb\u00e4udeschadstoffe - Ecosens AG\" \/>\n<meta property=\"og:description\" content=\"Erfahrung  Diagnostik Geb\u00e4udeschadstoffe Altlastsanierung Fachplanung Fachbauleitung Umweltberatung  Spezialgebiete  Asbest PCB PAK Grundbaustoffe Projekt- und Bauleitung Raumluftmessungen\" \/>\n<meta property=\"og:url\" content=\"https:\/\/www.ecosens.ch\/fr\/contact\/seidel\/\" \/>\n<meta property=\"og:site_name\" content=\"Ecosens AG\" \/>\n<meta property=\"article:modified_time\" content=\"2025-07-02T08:06:33+00:00\" \/>\n<meta property=\"og:image\" content=\"https:\/\/www.ecosens.ch\/wp-content\/uploads\/2023\/05\/Normen-Seidel-fd882265.jpg\" \/>\n\t<meta property=\"og:image:width\" content=\"235\" \/>\n\t<meta property=\"og:image:height\" content=\"235\" \/>\n\t<meta property=\"og:image:type\" content=\"image\/jpeg\" \/>\n<meta name=\"twitter:card\" content=\"summary_large_image\" \/>\n<script type=\"application\/ld+json\" class=\"yoast-schema-graph\">{\"@context\":\"https:\/\/schema.org\",\"@graph\":[{\"@type\":\"WebPage\",\"@id\":\"https:\/\/www.ecosens.ch\/ansprechpartner\/seidel\/\",\"url\":\"https:\/\/www.ecosens.ch\/ansprechpartner\/seidel\/\",\"name\":\"Norman Seidel - Senior Projektleiter FBL Geb\u00e4udeschadstoffe - Ecosens AG\",\"isPartOf\":{\"@id\":\"https:\/\/www.ecosens.ch\/#website\"},\"primaryImageOfPage\":{\"@id\":\"https:\/\/www.ecosens.ch\/ansprechpartner\/seidel\/#primaryimage\"},\"image\":{\"@id\":\"https:\/\/www.ecosens.ch\/ansprechpartner\/seidel\/#primaryimage\"},\"thumbnailUrl\":\"https:\/\/www.ecosens.ch\/wp-content\/uploads\/2023\/05\/Normen-Seidel-fd882265.jpg\",\"datePublished\":\"2023-05-29T17:42:58+00:00\",\"dateModified\":\"2025-07-02T08:06:33+00:00\",\"description\":\"Erfahrung Diagnostik Geb\u00e4udeschadstoffe Altlastsanierung Fachplanung Fachbauleitung Umweltberatung Spezialgebiete Asbest PCB PAK Grundbaustoffe Projekt- und Bauleitung Raumluftmessungen\",\"breadcrumb\":{\"@id\":\"https:\/\/www.ecosens.ch\/ansprechpartner\/seidel\/#breadcrumb\"},\"inLanguage\":\"fr-FR\",\"potentialAction\":[{\"@type\":\"ReadAction\",\"target\":[\"https:\/\/www.ecosens.ch\/ansprechpartner\/seidel\/\"]}]},{\"@type\":\"ImageObject\",\"inLanguage\":\"fr-FR\",\"@id\":\"https:\/\/www.ecosens.ch\/ansprechpartner\/seidel\/#primaryimage\",\"url\":\"https:\/\/www.ecosens.ch\/wp-content\/uploads\/2023\/05\/Normen-Seidel-fd882265.jpg\",\"contentUrl\":\"https:\/\/www.ecosens.ch\/wp-content\/uploads\/2023\/05\/Normen-Seidel-fd882265.jpg\",\"width\":235,\"height\":235},{\"@type\":\"BreadcrumbList\",\"@id\":\"https:\/\/www.ecosens.ch\/ansprechpartner\/seidel\/#breadcrumb\",\"itemListElement\":[{\"@type\":\"ListItem\",\"position\":1,\"name\":\"Startseite\",\"item\":\"https:\/\/www.ecosens.ch\/\"},{\"@type\":\"ListItem\",\"position\":2,\"name\":\"Norman Seidel\"}]},{\"@type\":\"WebSite\",\"@id\":\"https:\/\/www.ecosens.ch\/#website\",\"url\":\"https:\/\/www.ecosens.ch\/\",\"name\":\"Ecosens AG\",\"description\":\"\",\"publisher\":{\"@id\":\"https:\/\/www.ecosens.ch\/#organization\"},\"potentialAction\":[{\"@type\":\"SearchAction\",\"target\":{\"@type\":\"EntryPoint\",\"urlTemplate\":\"https:\/\/www.ecosens.ch\/?s={search_term_string}\"},\"query-input\":{\"@type\":\"PropertyValueSpecification\",\"valueRequired\":true,\"valueName\":\"search_term_string\"}}],\"inLanguage\":\"fr-FR\"},{\"@type\":\"Organization\",\"@id\":\"https:\/\/www.ecosens.ch\/#organization\",\"name\":\"Ecosens AG\",\"url\":\"https:\/\/www.ecosens.ch\/\",\"logo\":{\"@type\":\"ImageObject\",\"inLanguage\":\"fr-FR\",\"@id\":\"https:\/\/www.ecosens.ch\/#\/schema\/logo\/image\/\",\"url\":\"https:\/\/www.ecosens.ch\/wp-content\/uploads\/2023\/01\/logo.svg\",\"contentUrl\":\"https:\/\/www.ecosens.ch\/wp-content\/uploads\/2023\/01\/logo.svg\",\"width\":226,\"height\":45,\"caption\":\"Ecosens AG\"},\"image\":{\"@id\":\"https:\/\/www.ecosens.ch\/#\/schema\/logo\/image\/\"}}]}<\/script>\n<!-- \/ Yoast SEO plugin. -->","yoast_head_json":{"title":"Norman Seidel - Chef de projet senior FBL Polluants du b\u00e2timent - Ecosens AG","description":"Exp\u00e9rience Diagnostic Polluants de b\u00e2timents Assainissement de sites contamin\u00e9s Planification sp\u00e9cialis\u00e9e Direction des travaux Conseils environnementaux Sp\u00e9cialit\u00e9s Amiante PCB HAP Mat\u00e9riaux de construction de base Direction de projets et de travaux Mesures de l'air ambiant","robots":{"index":"index","follow":"follow","max-snippet":"max-snippet:-1","max-image-preview":"max-image-preview:large","max-video-preview":"max-video-preview:-1"},"canonical":"https:\/\/www.ecosens.ch\/fr\/contact\/seidel\/","og_locale":"fr_FR","og_type":"article","og_title":"Norman Seidel - Senior Projektleiter FBL Geb\u00e4udeschadstoffe - Ecosens AG","og_description":"Erfahrung  Diagnostik Geb\u00e4udeschadstoffe Altlastsanierung Fachplanung Fachbauleitung Umweltberatung  Spezialgebiete  Asbest PCB PAK Grundbaustoffe Projekt- und Bauleitung Raumluftmessungen","og_url":"https:\/\/www.ecosens.ch\/fr\/contact\/seidel\/","og_site_name":"Ecosens AG","article_modified_time":"2025-07-02T08:06:33+00:00","og_image":[{"width":235,"height":235,"url":"https:\/\/www.ecosens.ch\/wp-content\/uploads\/2023\/05\/Normen-Seidel-fd882265.jpg","type":"image\/jpeg"}],"twitter_card":"summary_large_image","schema":{"@context":"https:\/\/schema.org","@graph":[{"@type":"WebPage","@id":"https:\/\/www.ecosens.ch\/ansprechpartner\/seidel\/","url":"https:\/\/www.ecosens.ch\/ansprechpartner\/seidel\/","name":"Norman Seidel - Chef de projet senior FBL Polluants du b\u00e2timent - Ecosens AG","isPartOf":{"@id":"https:\/\/www.ecosens.ch\/#website"},"primaryImageOfPage":{"@id":"https:\/\/www.ecosens.ch\/ansprechpartner\/seidel\/#primaryimage"},"image":{"@id":"https:\/\/www.ecosens.ch\/ansprechpartner\/seidel\/#primaryimage"},"thumbnailUrl":"https:\/\/www.ecosens.ch\/wp-content\/uploads\/2023\/05\/Normen-Seidel-fd882265.jpg","datePublished":"2023-05-29T17:42:58+00:00","dateModified":"2025-07-02T08:06:33+00:00","description":"Exp\u00e9rience Diagnostic Polluants de b\u00e2timents Assainissement de sites contamin\u00e9s Planification sp\u00e9cialis\u00e9e Direction des travaux Conseils environnementaux Sp\u00e9cialit\u00e9s Amiante PCB HAP Mat\u00e9riaux de construction de base Direction de projets et de travaux Mesures de l'air ambiant","breadcrumb":{"@id":"https:\/\/www.ecosens.ch\/ansprechpartner\/seidel\/#breadcrumb"},"inLanguage":"fr-FR","potentialAction":[{"@type":"ReadAction","target":["https:\/\/www.ecosens.ch\/ansprechpartner\/seidel\/"]}]},{"@type":"ImageObject","inLanguage":"fr-FR","@id":"https:\/\/www.ecosens.ch\/ansprechpartner\/seidel\/#primaryimage","url":"https:\/\/www.ecosens.ch\/wp-content\/uploads\/2023\/05\/Normen-Seidel-fd882265.jpg","contentUrl":"https:\/\/www.ecosens.ch\/wp-content\/uploads\/2023\/05\/Normen-Seidel-fd882265.jpg","width":235,"height":235},{"@type":"BreadcrumbList","@id":"https:\/\/www.ecosens.ch\/ansprechpartner\/seidel\/#breadcrumb","itemListElement":[{"@type":"ListItem","position":1,"name":"Startseite","item":"https:\/\/www.ecosens.ch\/"},{"@type":"ListItem","position":2,"name":"Norman Seidel"}]},{"@type":"WebSite","@id":"https:\/\/www.ecosens.ch\/#website","url":"https:\/\/www.ecosens.ch\/","name":"Ecosens SA","description":"","publisher":{"@id":"https:\/\/www.ecosens.ch\/#organization"},"potentialAction":[{"@type":"SearchAction","target":{"@type":"EntryPoint","urlTemplate":"https:\/\/www.ecosens.ch\/?s={search_term_string}"},"query-input":{"@type":"PropertyValueSpecification","valueRequired":true,"valueName":"search_term_string"}}],"inLanguage":"fr-FR"},{"@type":"Organization","@id":"https:\/\/www.ecosens.ch\/#organization","name":"Ecosens SA","url":"https:\/\/www.ecosens.ch\/","logo":{"@type":"ImageObject","inLanguage":"fr-FR","@id":"https:\/\/www.ecosens.ch\/#\/schema\/logo\/image\/","url":"https:\/\/www.ecosens.ch\/wp-content\/uploads\/2023\/01\/logo.svg","contentUrl":"https:\/\/www.ecosens.ch\/wp-content\/uploads\/2023\/01\/logo.svg","width":226,"height":45,"caption":"Ecosens AG"},"image":{"@id":"https:\/\/www.ecosens.ch\/#\/schema\/logo\/image\/"}}]}},"_links":{"self":[{"href":"https:\/\/www.ecosens.ch\/fr\/wp-json\/wp\/v2\/ansprechpartner\/4900","targetHints":{"allow":["GET"]}}],"collection":[{"href":"https:\/\/www.ecosens.ch\/fr\/wp-json\/wp\/v2\/ansprechpartner"}],"about":[{"href":"https:\/\/www.ecosens.ch\/fr\/wp-json\/wp\/v2\/types\/ansprechpartner"}],"version-history":[{"count":5,"href":"https:\/\/www.ecosens.ch\/fr\/wp-json\/wp\/v2\/ansprechpartner\/4900\/revisions"}],"predecessor-version":[{"id":10848,"href":"https:\/\/www.ecosens.ch\/fr\/wp-json\/wp\/v2\/ansprechpartner\/4900\/revisions\/10848"}],"wp:featuredmedia":[{"embeddable":true,"href":"https:\/\/www.ecosens.ch\/fr\/wp-json\/wp\/v2\/media\/4902"}],"wp:attachment":[{"href":"https:\/\/www.ecosens.ch\/fr\/wp-json\/wp\/v2\/media?parent=4900"}],"wp:term":[{"taxonomy":"level","embeddable":true,"href":"https:\/\/www.ecosens.ch\/fr\/wp-json\/wp\/v2\/level?post=4900"}],"curies":[{"name":"wp","href":"https:\/\/api.w.org\/{rel}","templated":true}]}}

<!-- This site is optimized with the Yoast SEO plugin v26.8 - https://yoast.com/product/yoast-seo-wordpress/ -->
<title>Norman Seidel - Senior Projektleiter FBL Gebäudeschadstoffe - Ecosens AG</title>
<meta name="description" content="Erfahrung  Diagnostik Gebäudeschadstoffe Altlastsanierung Fachplanung Fachbauleitung Umweltberatung  Spezialgebiete  Asbest PCB PAK Grundbaustoffe Projekt- und Bauleitung Raumluftmessungen" />
<meta name="robots" content="index, follow, max-snippet:-1, max-image-preview:large, max-video-preview:-1" />
<link rel="canonical" href="https://www.ecosens.ch/fr/contact/seidel/" />
<meta property="og:locale" content="fr_FR" />
<meta property="og:type" content="article" />
<meta property="og:title" content="Norman Seidel - Senior Projektleiter FBL Gebäudeschadstoffe - Ecosens AG" />
<meta property="og:description" content="Erfahrung  Diagnostik Gebäudeschadstoffe Altlastsanierung Fachplanung Fachbauleitung Umweltberatung  Spezialgebiete  Asbest PCB PAK Grundbaustoffe Projekt- und Bauleitung Raumluftmessungen" />
<meta property="og:url" content="https://www.ecosens.ch/fr/contact/seidel/" />
<meta property="og:site_name" content="Ecosens AG" />
<meta property="article:modified_time" content="2025-07-02T08:06:33+00:00" />
<meta property="og:image" content="https://www.ecosens.ch/wp-content/uploads/2023/05/Normen-Seidel-fd882265.jpg" />
	<meta property="og:image:width" content="235" />
	<meta property="og:image:height" content="235" />
	<meta property="og:image:type" content="image/jpeg" />
<meta name="twitter:card" content="summary_large_image" />
<script type="application/ld+json" class="yoast-schema-graph">{"@context":"https://schema.org","@graph":[{"@type":"WebPage","@id":"https://www.ecosens.ch/ansprechpartner/seidel/","url":"https://www.ecosens.ch/ansprechpartner/seidel/","name":"Norman Seidel - Senior Projektleiter FBL Gebäudeschadstoffe - Ecosens AG","isPartOf":{"@id":"https://www.ecosens.ch/#website"},"primaryImageOfPage":{"@id":"https://www.ecosens.ch/ansprechpartner/seidel/#primaryimage"},"image":{"@id":"https://www.ecosens.ch/ansprechpartner/seidel/#primaryimage"},"thumbnailUrl":"https://www.ecosens.ch/wp-content/uploads/2023/05/Normen-Seidel-fd882265.jpg","datePublished":"2023-05-29T17:42:58+00:00","dateModified":"2025-07-02T08:06:33+00:00","description":"Erfahrung Diagnostik Gebäudeschadstoffe Altlastsanierung Fachplanung Fachbauleitung Umweltberatung Spezialgebiete Asbest PCB PAK Grundbaustoffe Projekt- und Bauleitung Raumluftmessungen","breadcrumb":{"@id":"https://www.ecosens.ch/ansprechpartner/seidel/#breadcrumb"},"inLanguage":"fr-FR","potentialAction":[{"@type":"ReadAction","target":["https://www.ecosens.ch/ansprechpartner/seidel/"]}]},{"@type":"ImageObject","inLanguage":"fr-FR","@id":"https://www.ecosens.ch/ansprechpartner/seidel/#primaryimage","url":"https://www.ecosens.ch/wp-content/uploads/2023/05/Normen-Seidel-fd882265.jpg","contentUrl":"https://www.ecosens.ch/wp-content/uploads/2023/05/Normen-Seidel-fd882265.jpg","width":235,"height":235},{"@type":"BreadcrumbList","@id":"https://www.ecosens.ch/ansprechpartner/seidel/#breadcrumb","itemListElement":[{"@type":"ListItem","position":1,"name":"Startseite","item":"https://www.ecosens.ch/"},{"@type":"ListItem","position":2,"name":"Norman Seidel"}]},{"@type":"WebSite","@id":"https://www.ecosens.ch/#website","url":"https://www.ecosens.ch/","name":"Ecosens AG","description":"","publisher":{"@id":"https://www.ecosens.ch/#organization"},"potentialAction":[{"@type":"SearchAction","target":{"@type":"EntryPoint","urlTemplate":"https://www.ecosens.ch/?s={search_term_string}"},"query-input":{"@type":"PropertyValueSpecification","valueRequired":true,"valueName":"search_term_string"}}],"inLanguage":"fr-FR"},{"@type":"Organization","@id":"https://www.ecosens.ch/#organization","name":"Ecosens AG","url":"https://www.ecosens.ch/","logo":{"@type":"ImageObject","inLanguage":"fr-FR","@id":"https://www.ecosens.ch/#/schema/logo/image/","url":"https://www.ecosens.ch/wp-content/uploads/2023/01/logo.svg","contentUrl":"https://www.ecosens.ch/wp-content/uploads/2023/01/logo.svg","width":226,"height":45,"caption":"Ecosens AG"},"image":{"@id":"https://www.ecosens.ch/#/schema/logo/image/"}}]}</script>
<!-- / Yoast SEO plugin. -->

Norman Seidel - Chef de projet senior FBL Polluants du bâtiment - Ecosens AG

Expérience Diagnostic Polluants de bâtiments Assainissement de sites contaminés Planification spécialisée Direction des travaux Conseils environnementaux Spécialités Amiante PCB HAP Matériaux de construction de base Direction de projets et de travaux Mesures de l'air ambiant

Norman Seidel - Senior Projektleiter FBL Gebäudeschadstoffe - Ecosens AG

Erfahrung  Diagnostik Gebäudeschadstoffe Altlastsanierung Fachplanung Fachbauleitung Umweltberatung  Spezialgebiete  Asbest PCB PAK Grundbaustoffe Projekt- und Bauleitung Raumluftmessungen
