{"id":4346,"date":"2023-05-22T17:03:08","date_gmt":"2023-05-22T15:03:08","guid":{"rendered":"https:\/\/ecosens.aretis-staging.ch\/ansprechpartner\/pia-buser-copy\/"},"modified":"2024-04-30T10:33:59","modified_gmt":"2024-04-30T08:33:59","slug":"pascal-diefenbacher","status":"publish","type":"ansprechpartner","link":"https:\/\/www.ecosens.ch\/fr\/contact\/pascal-diefenbacher\/","title":{"rendered":"Pascal Diefenbacher"},"featured_media":4348,"template":"","level":[94],"class_list":["post-4346","ansprechpartner","type-ansprechpartner","status-publish","has-post-thumbnail","hentry","level-gebaeude"],"acf":[],"yoast_head":"<!-- This site is optimized with the Yoast SEO plugin v26.8 - https:\/\/yoast.com\/product\/yoast-seo-wordpress\/ -->\n<title>Pascal Diefenbacher - Ressortleiter Raumluftqualit\u00e4t - Ecosens AG<\/title>\n<meta name=\"description\" content=\"Erfahrung Untersuchung und Beurteilung von Belastungen der Raum- und Aussenluft Umweltberatung (seit 2011)  Spezialgebiete Chemische Innenraumbelastungen (u.a. Formaldehyd, VOC, PCB) Gef\u00e4hrdungsabsch\u00e4tzungen und Sanierungsbegleitung bei belasteten Geb\u00e4uden Arbeitsplatzmessungen (MAK) Schimmelpilzabkl\u00e4rungen und Bauphysik  \u00a0\" \/>\n<meta name=\"robots\" content=\"index, follow, max-snippet:-1, max-image-preview:large, max-video-preview:-1\" \/>\n<link rel=\"canonical\" href=\"https:\/\/www.ecosens.ch\/fr\/contact\/pascal-diefenbacher\/\" \/>\n<meta property=\"og:locale\" content=\"fr_FR\" \/>\n<meta property=\"og:type\" content=\"article\" \/>\n<meta property=\"og:title\" content=\"Pascal Diefenbacher - Ressortleiter Raumluftqualit\u00e4t - Ecosens AG\" \/>\n<meta property=\"og:description\" content=\"Erfahrung Untersuchung und Beurteilung von Belastungen der Raum- und Aussenluft Umweltberatung (seit 2011)  Spezialgebiete Chemische Innenraumbelastungen (u.a. Formaldehyd, VOC, PCB) Gef\u00e4hrdungsabsch\u00e4tzungen und Sanierungsbegleitung bei belasteten Geb\u00e4uden Arbeitsplatzmessungen (MAK) Schimmelpilzabkl\u00e4rungen und Bauphysik  \u00a0\" \/>\n<meta property=\"og:url\" content=\"https:\/\/www.ecosens.ch\/fr\/contact\/pascal-diefenbacher\/\" \/>\n<meta property=\"og:site_name\" content=\"Ecosens AG\" \/>\n<meta property=\"article:modified_time\" content=\"2024-04-30T08:33:59+00:00\" \/>\n<meta property=\"og:image\" content=\"https:\/\/www.ecosens.ch\/wp-content\/uploads\/2023\/05\/pascal_diefenbacher.jpg\" \/>\n\t<meta property=\"og:image:width\" content=\"235\" \/>\n\t<meta property=\"og:image:height\" content=\"235\" \/>\n\t<meta property=\"og:image:type\" content=\"image\/jpeg\" \/>\n<meta name=\"twitter:card\" content=\"summary_large_image\" \/>\n<script type=\"application\/ld+json\" class=\"yoast-schema-graph\">{\"@context\":\"https:\/\/schema.org\",\"@graph\":[{\"@type\":\"WebPage\",\"@id\":\"https:\/\/www.ecosens.ch\/ansprechpartner\/pascal-diefenbacher\/\",\"url\":\"https:\/\/www.ecosens.ch\/ansprechpartner\/pascal-diefenbacher\/\",\"name\":\"Pascal Diefenbacher - Ressortleiter Raumluftqualit\u00e4t - Ecosens AG\",\"isPartOf\":{\"@id\":\"https:\/\/www.ecosens.ch\/#website\"},\"primaryImageOfPage\":{\"@id\":\"https:\/\/www.ecosens.ch\/ansprechpartner\/pascal-diefenbacher\/#primaryimage\"},\"image\":{\"@id\":\"https:\/\/www.ecosens.ch\/ansprechpartner\/pascal-diefenbacher\/#primaryimage\"},\"thumbnailUrl\":\"https:\/\/www.ecosens.ch\/wp-content\/uploads\/2023\/05\/pascal_diefenbacher.jpg\",\"datePublished\":\"2023-05-22T15:03:08+00:00\",\"dateModified\":\"2024-04-30T08:33:59+00:00\",\"description\":\"Erfahrung Untersuchung und Beurteilung von Belastungen der Raum- und Aussenluft Umweltberatung (seit 2011) Spezialgebiete Chemische Innenraumbelastungen (u.a. Formaldehyd, VOC, PCB) Gef\u00e4hrdungsabsch\u00e4tzungen und Sanierungsbegleitung bei belasteten Geb\u00e4uden Arbeitsplatzmessungen (MAK) Schimmelpilzabkl\u00e4rungen und Bauphysik \u00a0\",\"breadcrumb\":{\"@id\":\"https:\/\/www.ecosens.ch\/ansprechpartner\/pascal-diefenbacher\/#breadcrumb\"},\"inLanguage\":\"fr-FR\",\"potentialAction\":[{\"@type\":\"ReadAction\",\"target\":[\"https:\/\/www.ecosens.ch\/ansprechpartner\/pascal-diefenbacher\/\"]}]},{\"@type\":\"ImageObject\",\"inLanguage\":\"fr-FR\",\"@id\":\"https:\/\/www.ecosens.ch\/ansprechpartner\/pascal-diefenbacher\/#primaryimage\",\"url\":\"https:\/\/www.ecosens.ch\/wp-content\/uploads\/2023\/05\/pascal_diefenbacher.jpg\",\"contentUrl\":\"https:\/\/www.ecosens.ch\/wp-content\/uploads\/2023\/05\/pascal_diefenbacher.jpg\",\"width\":235,\"height\":235},{\"@type\":\"BreadcrumbList\",\"@id\":\"https:\/\/www.ecosens.ch\/ansprechpartner\/pascal-diefenbacher\/#breadcrumb\",\"itemListElement\":[{\"@type\":\"ListItem\",\"position\":1,\"name\":\"Startseite\",\"item\":\"https:\/\/www.ecosens.ch\/\"},{\"@type\":\"ListItem\",\"position\":2,\"name\":\"Pascal Diefenbacher\"}]},{\"@type\":\"WebSite\",\"@id\":\"https:\/\/www.ecosens.ch\/#website\",\"url\":\"https:\/\/www.ecosens.ch\/\",\"name\":\"Ecosens AG\",\"description\":\"\",\"publisher\":{\"@id\":\"https:\/\/www.ecosens.ch\/#organization\"},\"potentialAction\":[{\"@type\":\"SearchAction\",\"target\":{\"@type\":\"EntryPoint\",\"urlTemplate\":\"https:\/\/www.ecosens.ch\/?s={search_term_string}\"},\"query-input\":{\"@type\":\"PropertyValueSpecification\",\"valueRequired\":true,\"valueName\":\"search_term_string\"}}],\"inLanguage\":\"fr-FR\"},{\"@type\":\"Organization\",\"@id\":\"https:\/\/www.ecosens.ch\/#organization\",\"name\":\"Ecosens AG\",\"url\":\"https:\/\/www.ecosens.ch\/\",\"logo\":{\"@type\":\"ImageObject\",\"inLanguage\":\"fr-FR\",\"@id\":\"https:\/\/www.ecosens.ch\/#\/schema\/logo\/image\/\",\"url\":\"https:\/\/www.ecosens.ch\/wp-content\/uploads\/2023\/01\/logo.svg\",\"contentUrl\":\"https:\/\/www.ecosens.ch\/wp-content\/uploads\/2023\/01\/logo.svg\",\"width\":226,\"height\":45,\"caption\":\"Ecosens AG\"},\"image\":{\"@id\":\"https:\/\/www.ecosens.ch\/#\/schema\/logo\/image\/\"}}]}<\/script>\n<!-- \/ Yoast SEO plugin. -->","yoast_head_json":{"title":"Pascal Diefenbacher - Responsable de la qualit\u00e9 de l'air int\u00e9rieur - Ecosens AG","description":"Exp\u00e9rience Examen et \u00e9valuation de la pollution de l'air int\u00e9rieur et ext\u00e9rieur Conseil en environnement (depuis 2011) Sp\u00e9cialit\u00e9s Pollutions chimiques int\u00e9rieures (entre autres formald\u00e9hyde, COV, PCB) \u00c9valuations des risques et suivi de l'assainissement de b\u00e2timents pollu\u00e9s Mesures sur le lieu de travail (MAK) \u00c9tudes des moisissures et physique du b\u00e2timent  \u00a0","robots":{"index":"index","follow":"follow","max-snippet":"max-snippet:-1","max-image-preview":"max-image-preview:large","max-video-preview":"max-video-preview:-1"},"canonical":"https:\/\/www.ecosens.ch\/fr\/contact\/pascal-diefenbacher\/","og_locale":"fr_FR","og_type":"article","og_title":"Pascal Diefenbacher - Ressortleiter Raumluftqualit\u00e4t - Ecosens AG","og_description":"Erfahrung Untersuchung und Beurteilung von Belastungen der Raum- und Aussenluft Umweltberatung (seit 2011)  Spezialgebiete Chemische Innenraumbelastungen (u.a. Formaldehyd, VOC, PCB) Gef\u00e4hrdungsabsch\u00e4tzungen und Sanierungsbegleitung bei belasteten Geb\u00e4uden Arbeitsplatzmessungen (MAK) Schimmelpilzabkl\u00e4rungen und Bauphysik  \u00a0","og_url":"https:\/\/www.ecosens.ch\/fr\/contact\/pascal-diefenbacher\/","og_site_name":"Ecosens AG","article_modified_time":"2024-04-30T08:33:59+00:00","og_image":[{"width":235,"height":235,"url":"https:\/\/www.ecosens.ch\/wp-content\/uploads\/2023\/05\/pascal_diefenbacher.jpg","type":"image\/jpeg"}],"twitter_card":"summary_large_image","schema":{"@context":"https:\/\/schema.org","@graph":[{"@type":"WebPage","@id":"https:\/\/www.ecosens.ch\/ansprechpartner\/pascal-diefenbacher\/","url":"https:\/\/www.ecosens.ch\/ansprechpartner\/pascal-diefenbacher\/","name":"Pascal Diefenbacher - Responsable de la qualit\u00e9 de l'air int\u00e9rieur - Ecosens AG","isPartOf":{"@id":"https:\/\/www.ecosens.ch\/#website"},"primaryImageOfPage":{"@id":"https:\/\/www.ecosens.ch\/ansprechpartner\/pascal-diefenbacher\/#primaryimage"},"image":{"@id":"https:\/\/www.ecosens.ch\/ansprechpartner\/pascal-diefenbacher\/#primaryimage"},"thumbnailUrl":"https:\/\/www.ecosens.ch\/wp-content\/uploads\/2023\/05\/pascal_diefenbacher.jpg","datePublished":"2023-05-22T15:03:08+00:00","dateModified":"2024-04-30T08:33:59+00:00","description":"Exp\u00e9rience Examen et \u00e9valuation de la pollution de l'air int\u00e9rieur et ext\u00e9rieur Conseil en environnement (depuis 2011) Sp\u00e9cialit\u00e9s Pollutions chimiques int\u00e9rieures (entre autres formald\u00e9hyde, COV, PCB) \u00c9valuations des risques et suivi de l'assainissement de b\u00e2timents pollu\u00e9s Mesures sur le lieu de travail (MAK) \u00c9tudes des moisissures et physique du b\u00e2timent \u00a0","breadcrumb":{"@id":"https:\/\/www.ecosens.ch\/ansprechpartner\/pascal-diefenbacher\/#breadcrumb"},"inLanguage":"fr-FR","potentialAction":[{"@type":"ReadAction","target":["https:\/\/www.ecosens.ch\/ansprechpartner\/pascal-diefenbacher\/"]}]},{"@type":"ImageObject","inLanguage":"fr-FR","@id":"https:\/\/www.ecosens.ch\/ansprechpartner\/pascal-diefenbacher\/#primaryimage","url":"https:\/\/www.ecosens.ch\/wp-content\/uploads\/2023\/05\/pascal_diefenbacher.jpg","contentUrl":"https:\/\/www.ecosens.ch\/wp-content\/uploads\/2023\/05\/pascal_diefenbacher.jpg","width":235,"height":235},{"@type":"BreadcrumbList","@id":"https:\/\/www.ecosens.ch\/ansprechpartner\/pascal-diefenbacher\/#breadcrumb","itemListElement":[{"@type":"ListItem","position":1,"name":"Startseite","item":"https:\/\/www.ecosens.ch\/"},{"@type":"ListItem","position":2,"name":"Pascal Diefenbacher"}]},{"@type":"WebSite","@id":"https:\/\/www.ecosens.ch\/#website","url":"https:\/\/www.ecosens.ch\/","name":"Ecosens SA","description":"","publisher":{"@id":"https:\/\/www.ecosens.ch\/#organization"},"potentialAction":[{"@type":"SearchAction","target":{"@type":"EntryPoint","urlTemplate":"https:\/\/www.ecosens.ch\/?s={search_term_string}"},"query-input":{"@type":"PropertyValueSpecification","valueRequired":true,"valueName":"search_term_string"}}],"inLanguage":"fr-FR"},{"@type":"Organization","@id":"https:\/\/www.ecosens.ch\/#organization","name":"Ecosens SA","url":"https:\/\/www.ecosens.ch\/","logo":{"@type":"ImageObject","inLanguage":"fr-FR","@id":"https:\/\/www.ecosens.ch\/#\/schema\/logo\/image\/","url":"https:\/\/www.ecosens.ch\/wp-content\/uploads\/2023\/01\/logo.svg","contentUrl":"https:\/\/www.ecosens.ch\/wp-content\/uploads\/2023\/01\/logo.svg","width":226,"height":45,"caption":"Ecosens AG"},"image":{"@id":"https:\/\/www.ecosens.ch\/#\/schema\/logo\/image\/"}}]}},"_links":{"self":[{"href":"https:\/\/www.ecosens.ch\/fr\/wp-json\/wp\/v2\/ansprechpartner\/4346","targetHints":{"allow":["GET"]}}],"collection":[{"href":"https:\/\/www.ecosens.ch\/fr\/wp-json\/wp\/v2\/ansprechpartner"}],"about":[{"href":"https:\/\/www.ecosens.ch\/fr\/wp-json\/wp\/v2\/types\/ansprechpartner"}],"version-history":[{"count":4,"href":"https:\/\/www.ecosens.ch\/fr\/wp-json\/wp\/v2\/ansprechpartner\/4346\/revisions"}],"predecessor-version":[{"id":9318,"href":"https:\/\/www.ecosens.ch\/fr\/wp-json\/wp\/v2\/ansprechpartner\/4346\/revisions\/9318"}],"wp:featuredmedia":[{"embeddable":true,"href":"https:\/\/www.ecosens.ch\/fr\/wp-json\/wp\/v2\/media\/4348"}],"wp:attachment":[{"href":"https:\/\/www.ecosens.ch\/fr\/wp-json\/wp\/v2\/media?parent=4346"}],"wp:term":[{"taxonomy":"level","embeddable":true,"href":"https:\/\/www.ecosens.ch\/fr\/wp-json\/wp\/v2\/level?post=4346"}],"curies":[{"name":"wp","href":"https:\/\/api.w.org\/{rel}","templated":true}]}}

<!-- This site is optimized with the Yoast SEO plugin v26.8 - https://yoast.com/product/yoast-seo-wordpress/ -->
<title>Pascal Diefenbacher - Ressortleiter Raumluftqualität - Ecosens AG</title>
<meta name="description" content="Erfahrung Untersuchung und Beurteilung von Belastungen der Raum- und Aussenluft Umweltberatung (seit 2011)  Spezialgebiete Chemische Innenraumbelastungen (u.a. Formaldehyd, VOC, PCB) Gefährdungsabschätzungen und Sanierungsbegleitung bei belasteten Gebäuden Arbeitsplatzmessungen (MAK) Schimmelpilzabklärungen und Bauphysik   " />
<meta name="robots" content="index, follow, max-snippet:-1, max-image-preview:large, max-video-preview:-1" />
<link rel="canonical" href="https://www.ecosens.ch/fr/contact/pascal-diefenbacher/" />
<meta property="og:locale" content="fr_FR" />
<meta property="og:type" content="article" />
<meta property="og:title" content="Pascal Diefenbacher - Ressortleiter Raumluftqualität - Ecosens AG" />
<meta property="og:description" content="Erfahrung Untersuchung und Beurteilung von Belastungen der Raum- und Aussenluft Umweltberatung (seit 2011)  Spezialgebiete Chemische Innenraumbelastungen (u.a. Formaldehyd, VOC, PCB) Gefährdungsabschätzungen und Sanierungsbegleitung bei belasteten Gebäuden Arbeitsplatzmessungen (MAK) Schimmelpilzabklärungen und Bauphysik   " />
<meta property="og:url" content="https://www.ecosens.ch/fr/contact/pascal-diefenbacher/" />
<meta property="og:site_name" content="Ecosens AG" />
<meta property="article:modified_time" content="2024-04-30T08:33:59+00:00" />
<meta property="og:image" content="https://www.ecosens.ch/wp-content/uploads/2023/05/pascal_diefenbacher.jpg" />
	<meta property="og:image:width" content="235" />
	<meta property="og:image:height" content="235" />
	<meta property="og:image:type" content="image/jpeg" />
<meta name="twitter:card" content="summary_large_image" />
<script type="application/ld+json" class="yoast-schema-graph">{"@context":"https://schema.org","@graph":[{"@type":"WebPage","@id":"https://www.ecosens.ch/ansprechpartner/pascal-diefenbacher/","url":"https://www.ecosens.ch/ansprechpartner/pascal-diefenbacher/","name":"Pascal Diefenbacher - Ressortleiter Raumluftqualität - Ecosens AG","isPartOf":{"@id":"https://www.ecosens.ch/#website"},"primaryImageOfPage":{"@id":"https://www.ecosens.ch/ansprechpartner/pascal-diefenbacher/#primaryimage"},"image":{"@id":"https://www.ecosens.ch/ansprechpartner/pascal-diefenbacher/#primaryimage"},"thumbnailUrl":"https://www.ecosens.ch/wp-content/uploads/2023/05/pascal_diefenbacher.jpg","datePublished":"2023-05-22T15:03:08+00:00","dateModified":"2024-04-30T08:33:59+00:00","description":"Erfahrung Untersuchung und Beurteilung von Belastungen der Raum- und Aussenluft Umweltberatung (seit 2011) Spezialgebiete Chemische Innenraumbelastungen (u.a. Formaldehyd, VOC, PCB) Gefährdungsabschätzungen und Sanierungsbegleitung bei belasteten Gebäuden Arbeitsplatzmessungen (MAK) Schimmelpilzabklärungen und Bauphysik  ","breadcrumb":{"@id":"https://www.ecosens.ch/ansprechpartner/pascal-diefenbacher/#breadcrumb"},"inLanguage":"fr-FR","potentialAction":[{"@type":"ReadAction","target":["https://www.ecosens.ch/ansprechpartner/pascal-diefenbacher/"]}]},{"@type":"ImageObject","inLanguage":"fr-FR","@id":"https://www.ecosens.ch/ansprechpartner/pascal-diefenbacher/#primaryimage","url":"https://www.ecosens.ch/wp-content/uploads/2023/05/pascal_diefenbacher.jpg","contentUrl":"https://www.ecosens.ch/wp-content/uploads/2023/05/pascal_diefenbacher.jpg","width":235,"height":235},{"@type":"BreadcrumbList","@id":"https://www.ecosens.ch/ansprechpartner/pascal-diefenbacher/#breadcrumb","itemListElement":[{"@type":"ListItem","position":1,"name":"Startseite","item":"https://www.ecosens.ch/"},{"@type":"ListItem","position":2,"name":"Pascal Diefenbacher"}]},{"@type":"WebSite","@id":"https://www.ecosens.ch/#website","url":"https://www.ecosens.ch/","name":"Ecosens AG","description":"","publisher":{"@id":"https://www.ecosens.ch/#organization"},"potentialAction":[{"@type":"SearchAction","target":{"@type":"EntryPoint","urlTemplate":"https://www.ecosens.ch/?s={search_term_string}"},"query-input":{"@type":"PropertyValueSpecification","valueRequired":true,"valueName":"search_term_string"}}],"inLanguage":"fr-FR"},{"@type":"Organization","@id":"https://www.ecosens.ch/#organization","name":"Ecosens AG","url":"https://www.ecosens.ch/","logo":{"@type":"ImageObject","inLanguage":"fr-FR","@id":"https://www.ecosens.ch/#/schema/logo/image/","url":"https://www.ecosens.ch/wp-content/uploads/2023/01/logo.svg","contentUrl":"https://www.ecosens.ch/wp-content/uploads/2023/01/logo.svg","width":226,"height":45,"caption":"Ecosens AG"},"image":{"@id":"https://www.ecosens.ch/#/schema/logo/image/"}}]}</script>
<!-- / Yoast SEO plugin. -->

Pascal Diefenbacher - Responsable de la qualité de l'air intérieur - Ecosens AG

Expérience Examen et évaluation de la pollution de l'air intérieur et extérieur Conseil en environnement (depuis 2011) Spécialités Pollutions chimiques intérieures (entre autres formaldéhyde, COV, PCB) Évaluations des risques et suivi de l'assainissement de bâtiments pollués Mesures sur le lieu de travail (MAK) Études des moisissures et physique du bâtiment

Pascal Diefenbacher - Ressortleiter Raumluftqualität - Ecosens AG

Erfahrung Untersuchung und Beurteilung von Belastungen der Raum- und Aussenluft Umweltberatung (seit 2011)  Spezialgebiete Chemische Innenraumbelastungen (u.a. Formaldehyd, VOC, PCB) Gefährdungsabschätzungen und Sanierungsbegleitung bei belasteten Gebäuden Arbeitsplatzmessungen (MAK) Schimmelpilzabklärungen und Bauphysik
