{"id":4250,"date":"2023-05-18T13:25:14","date_gmt":"2023-05-18T11:25:14","guid":{"rendered":"https:\/\/ecosens.aretis-staging.ch\/ansprechpartner\/stefan-fuchs-copy\/"},"modified":"2024-04-30T10:24:12","modified_gmt":"2024-04-30T08:24:12","slug":"lorenz-lehmann","status":"publish","type":"ansprechpartner","link":"https:\/\/www.ecosens.ch\/fr\/contact\/lorenz-lehmann\/","title":{"rendered":"Lorenz Lehmann"},"featured_media":4252,"template":"","level":[66],"class_list":["post-4250","ansprechpartner","type-ansprechpartner","status-publish","has-post-thumbnail","hentry","level-geschaeftsleitung-partner"],"acf":[],"yoast_head":"<!-- This site is optimized with the Yoast SEO plugin v26.8 - https:\/\/yoast.com\/product\/yoast-seo-wordpress\/ -->\n<title>Lorenz Lehmann - Partner, Ressortleiter Umwelt- und Klimarecht, Pr\u00e4sident des Verwaltungsrats - Ecosens AG<\/title>\n<meta name=\"description\" content=\"Erfahrung Sekret\u00e4r und Ersatzrichter am Bezirksgericht (1993 - 1999); Bau-, Planungs- und Umweltrecht (seit 1999) Klimarecht (seit 2019) Stiftungsrat My Climate (seit 2022)  Spezialgebiete Altlasten, Abfall- und Deponierecht, Klimarecht, Immissionsschutz, Legal Compliance\" \/>\n<meta name=\"robots\" content=\"index, follow, max-snippet:-1, max-image-preview:large, max-video-preview:-1\" \/>\n<link rel=\"canonical\" href=\"https:\/\/www.ecosens.ch\/fr\/contact\/lorenz-lehmann\/\" \/>\n<meta property=\"og:locale\" content=\"fr_FR\" \/>\n<meta property=\"og:type\" content=\"article\" \/>\n<meta property=\"og:title\" content=\"Lorenz Lehmann - Partner, Ressortleiter Umwelt- und Klimarecht, Pr\u00e4sident des Verwaltungsrats - Ecosens AG\" \/>\n<meta property=\"og:description\" content=\"Erfahrung Sekret\u00e4r und Ersatzrichter am Bezirksgericht (1993 - 1999); Bau-, Planungs- und Umweltrecht (seit 1999) Klimarecht (seit 2019) Stiftungsrat My Climate (seit 2022)  Spezialgebiete Altlasten, Abfall- und Deponierecht, Klimarecht, Immissionsschutz, Legal Compliance\" \/>\n<meta property=\"og:url\" content=\"https:\/\/www.ecosens.ch\/fr\/contact\/lorenz-lehmann\/\" \/>\n<meta property=\"og:site_name\" content=\"Ecosens AG\" \/>\n<meta property=\"article:modified_time\" content=\"2024-04-30T08:24:12+00:00\" \/>\n<meta property=\"og:image\" content=\"https:\/\/www.ecosens.ch\/wp-content\/uploads\/2023\/05\/lorenz_lehmann.jpg\" \/>\n\t<meta property=\"og:image:width\" content=\"235\" \/>\n\t<meta property=\"og:image:height\" content=\"235\" \/>\n\t<meta property=\"og:image:type\" content=\"image\/jpeg\" \/>\n<meta name=\"twitter:card\" content=\"summary_large_image\" \/>\n<script type=\"application\/ld+json\" class=\"yoast-schema-graph\">{\"@context\":\"https:\/\/schema.org\",\"@graph\":[{\"@type\":\"WebPage\",\"@id\":\"https:\/\/www.ecosens.ch\/ansprechpartner\/lorenz-lehmann\/\",\"url\":\"https:\/\/www.ecosens.ch\/ansprechpartner\/lorenz-lehmann\/\",\"name\":\"Lorenz Lehmann - Partner, Ressortleiter Umwelt- und Klimarecht, Pr\u00e4sident des Verwaltungsrats - Ecosens AG\",\"isPartOf\":{\"@id\":\"https:\/\/www.ecosens.ch\/#website\"},\"primaryImageOfPage\":{\"@id\":\"https:\/\/www.ecosens.ch\/ansprechpartner\/lorenz-lehmann\/#primaryimage\"},\"image\":{\"@id\":\"https:\/\/www.ecosens.ch\/ansprechpartner\/lorenz-lehmann\/#primaryimage\"},\"thumbnailUrl\":\"https:\/\/www.ecosens.ch\/wp-content\/uploads\/2023\/05\/lorenz_lehmann.jpg\",\"datePublished\":\"2023-05-18T11:25:14+00:00\",\"dateModified\":\"2024-04-30T08:24:12+00:00\",\"description\":\"Erfahrung Sekret\u00e4r und Ersatzrichter am Bezirksgericht (1993 - 1999); Bau-, Planungs- und Umweltrecht (seit 1999) Klimarecht (seit 2019) Stiftungsrat My Climate (seit 2022) Spezialgebiete Altlasten, Abfall- und Deponierecht, Klimarecht, Immissionsschutz, Legal Compliance\",\"breadcrumb\":{\"@id\":\"https:\/\/www.ecosens.ch\/ansprechpartner\/lorenz-lehmann\/#breadcrumb\"},\"inLanguage\":\"fr-FR\",\"potentialAction\":[{\"@type\":\"ReadAction\",\"target\":[\"https:\/\/www.ecosens.ch\/ansprechpartner\/lorenz-lehmann\/\"]}]},{\"@type\":\"ImageObject\",\"inLanguage\":\"fr-FR\",\"@id\":\"https:\/\/www.ecosens.ch\/ansprechpartner\/lorenz-lehmann\/#primaryimage\",\"url\":\"https:\/\/www.ecosens.ch\/wp-content\/uploads\/2023\/05\/lorenz_lehmann.jpg\",\"contentUrl\":\"https:\/\/www.ecosens.ch\/wp-content\/uploads\/2023\/05\/lorenz_lehmann.jpg\",\"width\":235,\"height\":235},{\"@type\":\"BreadcrumbList\",\"@id\":\"https:\/\/www.ecosens.ch\/ansprechpartner\/lorenz-lehmann\/#breadcrumb\",\"itemListElement\":[{\"@type\":\"ListItem\",\"position\":1,\"name\":\"Startseite\",\"item\":\"https:\/\/www.ecosens.ch\/\"},{\"@type\":\"ListItem\",\"position\":2,\"name\":\"Lorenz Lehmann\"}]},{\"@type\":\"WebSite\",\"@id\":\"https:\/\/www.ecosens.ch\/#website\",\"url\":\"https:\/\/www.ecosens.ch\/\",\"name\":\"Ecosens AG\",\"description\":\"\",\"publisher\":{\"@id\":\"https:\/\/www.ecosens.ch\/#organization\"},\"potentialAction\":[{\"@type\":\"SearchAction\",\"target\":{\"@type\":\"EntryPoint\",\"urlTemplate\":\"https:\/\/www.ecosens.ch\/?s={search_term_string}\"},\"query-input\":{\"@type\":\"PropertyValueSpecification\",\"valueRequired\":true,\"valueName\":\"search_term_string\"}}],\"inLanguage\":\"fr-FR\"},{\"@type\":\"Organization\",\"@id\":\"https:\/\/www.ecosens.ch\/#organization\",\"name\":\"Ecosens AG\",\"url\":\"https:\/\/www.ecosens.ch\/\",\"logo\":{\"@type\":\"ImageObject\",\"inLanguage\":\"fr-FR\",\"@id\":\"https:\/\/www.ecosens.ch\/#\/schema\/logo\/image\/\",\"url\":\"https:\/\/www.ecosens.ch\/wp-content\/uploads\/2023\/01\/logo.svg\",\"contentUrl\":\"https:\/\/www.ecosens.ch\/wp-content\/uploads\/2023\/01\/logo.svg\",\"width\":226,\"height\":45,\"caption\":\"Ecosens AG\"},\"image\":{\"@id\":\"https:\/\/www.ecosens.ch\/#\/schema\/logo\/image\/\"}}]}<\/script>\n<!-- \/ Yoast SEO plugin. -->","yoast_head_json":{"title":"Lorenz Lehmann - Associ\u00e9, responsable du ressort Droit de l'environnement et du climat, pr\u00e9sident du conseil d'administration - Ecosens AG","description":"Exp\u00e9rience Secr\u00e9taire et juge suppl\u00e9ant au tribunal de district (1993 - 1999) ; droit de la construction, de l'am\u00e9nagement et de l'environnement (depuis 1999) droit du climat (depuis 2019) conseil de fondation My Climate (depuis 2022) Sp\u00e9cialit\u00e9s Sites contamin\u00e9s, droit des d\u00e9chets et des d\u00e9charges, droit du climat, protection contre les immissions, Legal Compliance","robots":{"index":"index","follow":"follow","max-snippet":"max-snippet:-1","max-image-preview":"max-image-preview:large","max-video-preview":"max-video-preview:-1"},"canonical":"https:\/\/www.ecosens.ch\/fr\/contact\/lorenz-lehmann\/","og_locale":"fr_FR","og_type":"article","og_title":"Lorenz Lehmann - Partner, Ressortleiter Umwelt- und Klimarecht, Pr\u00e4sident des Verwaltungsrats - Ecosens AG","og_description":"Erfahrung Sekret\u00e4r und Ersatzrichter am Bezirksgericht (1993 - 1999); Bau-, Planungs- und Umweltrecht (seit 1999) Klimarecht (seit 2019) Stiftungsrat My Climate (seit 2022)  Spezialgebiete Altlasten, Abfall- und Deponierecht, Klimarecht, Immissionsschutz, Legal Compliance","og_url":"https:\/\/www.ecosens.ch\/fr\/contact\/lorenz-lehmann\/","og_site_name":"Ecosens AG","article_modified_time":"2024-04-30T08:24:12+00:00","og_image":[{"width":235,"height":235,"url":"https:\/\/www.ecosens.ch\/wp-content\/uploads\/2023\/05\/lorenz_lehmann.jpg","type":"image\/jpeg"}],"twitter_card":"summary_large_image","schema":{"@context":"https:\/\/schema.org","@graph":[{"@type":"WebPage","@id":"https:\/\/www.ecosens.ch\/ansprechpartner\/lorenz-lehmann\/","url":"https:\/\/www.ecosens.ch\/ansprechpartner\/lorenz-lehmann\/","name":"Lorenz Lehmann - Associ\u00e9, responsable du ressort Droit de l'environnement et du climat, pr\u00e9sident du conseil d'administration - Ecosens AG","isPartOf":{"@id":"https:\/\/www.ecosens.ch\/#website"},"primaryImageOfPage":{"@id":"https:\/\/www.ecosens.ch\/ansprechpartner\/lorenz-lehmann\/#primaryimage"},"image":{"@id":"https:\/\/www.ecosens.ch\/ansprechpartner\/lorenz-lehmann\/#primaryimage"},"thumbnailUrl":"https:\/\/www.ecosens.ch\/wp-content\/uploads\/2023\/05\/lorenz_lehmann.jpg","datePublished":"2023-05-18T11:25:14+00:00","dateModified":"2024-04-30T08:24:12+00:00","description":"Exp\u00e9rience Secr\u00e9taire et juge suppl\u00e9ant au tribunal de district (1993 - 1999) ; droit de la construction, de l'am\u00e9nagement et de l'environnement (depuis 1999) droit du climat (depuis 2019) conseil de fondation My Climate (depuis 2022) Sp\u00e9cialit\u00e9s Sites contamin\u00e9s, droit des d\u00e9chets et des d\u00e9charges, droit du climat, protection contre les immissions, Legal Compliance","breadcrumb":{"@id":"https:\/\/www.ecosens.ch\/ansprechpartner\/lorenz-lehmann\/#breadcrumb"},"inLanguage":"fr-FR","potentialAction":[{"@type":"ReadAction","target":["https:\/\/www.ecosens.ch\/ansprechpartner\/lorenz-lehmann\/"]}]},{"@type":"ImageObject","inLanguage":"fr-FR","@id":"https:\/\/www.ecosens.ch\/ansprechpartner\/lorenz-lehmann\/#primaryimage","url":"https:\/\/www.ecosens.ch\/wp-content\/uploads\/2023\/05\/lorenz_lehmann.jpg","contentUrl":"https:\/\/www.ecosens.ch\/wp-content\/uploads\/2023\/05\/lorenz_lehmann.jpg","width":235,"height":235},{"@type":"BreadcrumbList","@id":"https:\/\/www.ecosens.ch\/ansprechpartner\/lorenz-lehmann\/#breadcrumb","itemListElement":[{"@type":"ListItem","position":1,"name":"Startseite","item":"https:\/\/www.ecosens.ch\/"},{"@type":"ListItem","position":2,"name":"Lorenz Lehmann"}]},{"@type":"WebSite","@id":"https:\/\/www.ecosens.ch\/#website","url":"https:\/\/www.ecosens.ch\/","name":"Ecosens SA","description":"","publisher":{"@id":"https:\/\/www.ecosens.ch\/#organization"},"potentialAction":[{"@type":"SearchAction","target":{"@type":"EntryPoint","urlTemplate":"https:\/\/www.ecosens.ch\/?s={search_term_string}"},"query-input":{"@type":"PropertyValueSpecification","valueRequired":true,"valueName":"search_term_string"}}],"inLanguage":"fr-FR"},{"@type":"Organization","@id":"https:\/\/www.ecosens.ch\/#organization","name":"Ecosens SA","url":"https:\/\/www.ecosens.ch\/","logo":{"@type":"ImageObject","inLanguage":"fr-FR","@id":"https:\/\/www.ecosens.ch\/#\/schema\/logo\/image\/","url":"https:\/\/www.ecosens.ch\/wp-content\/uploads\/2023\/01\/logo.svg","contentUrl":"https:\/\/www.ecosens.ch\/wp-content\/uploads\/2023\/01\/logo.svg","width":226,"height":45,"caption":"Ecosens AG"},"image":{"@id":"https:\/\/www.ecosens.ch\/#\/schema\/logo\/image\/"}}]}},"_links":{"self":[{"href":"https:\/\/www.ecosens.ch\/fr\/wp-json\/wp\/v2\/ansprechpartner\/4250","targetHints":{"allow":["GET"]}}],"collection":[{"href":"https:\/\/www.ecosens.ch\/fr\/wp-json\/wp\/v2\/ansprechpartner"}],"about":[{"href":"https:\/\/www.ecosens.ch\/fr\/wp-json\/wp\/v2\/types\/ansprechpartner"}],"version-history":[{"count":6,"href":"https:\/\/www.ecosens.ch\/fr\/wp-json\/wp\/v2\/ansprechpartner\/4250\/revisions"}],"predecessor-version":[{"id":9299,"href":"https:\/\/www.ecosens.ch\/fr\/wp-json\/wp\/v2\/ansprechpartner\/4250\/revisions\/9299"}],"wp:featuredmedia":[{"embeddable":true,"href":"https:\/\/www.ecosens.ch\/fr\/wp-json\/wp\/v2\/media\/4252"}],"wp:attachment":[{"href":"https:\/\/www.ecosens.ch\/fr\/wp-json\/wp\/v2\/media?parent=4250"}],"wp:term":[{"taxonomy":"level","embeddable":true,"href":"https:\/\/www.ecosens.ch\/fr\/wp-json\/wp\/v2\/level?post=4250"}],"curies":[{"name":"wp","href":"https:\/\/api.w.org\/{rel}","templated":true}]}}

<!-- This site is optimized with the Yoast SEO plugin v26.8 - https://yoast.com/product/yoast-seo-wordpress/ -->
<title>Lorenz Lehmann - Partner, Ressortleiter Umwelt- und Klimarecht, Präsident des Verwaltungsrats - Ecosens AG</title>
<meta name="description" content="Erfahrung Sekretär und Ersatzrichter am Bezirksgericht (1993 - 1999); Bau-, Planungs- und Umweltrecht (seit 1999) Klimarecht (seit 2019) Stiftungsrat My Climate (seit 2022)  Spezialgebiete Altlasten, Abfall- und Deponierecht, Klimarecht, Immissionsschutz, Legal Compliance" />
<meta name="robots" content="index, follow, max-snippet:-1, max-image-preview:large, max-video-preview:-1" />
<link rel="canonical" href="https://www.ecosens.ch/fr/contact/lorenz-lehmann/" />
<meta property="og:locale" content="fr_FR" />
<meta property="og:type" content="article" />
<meta property="og:title" content="Lorenz Lehmann - Partner, Ressortleiter Umwelt- und Klimarecht, Präsident des Verwaltungsrats - Ecosens AG" />
<meta property="og:description" content="Erfahrung Sekretär und Ersatzrichter am Bezirksgericht (1993 - 1999); Bau-, Planungs- und Umweltrecht (seit 1999) Klimarecht (seit 2019) Stiftungsrat My Climate (seit 2022)  Spezialgebiete Altlasten, Abfall- und Deponierecht, Klimarecht, Immissionsschutz, Legal Compliance" />
<meta property="og:url" content="https://www.ecosens.ch/fr/contact/lorenz-lehmann/" />
<meta property="og:site_name" content="Ecosens AG" />
<meta property="article:modified_time" content="2024-04-30T08:24:12+00:00" />
<meta property="og:image" content="https://www.ecosens.ch/wp-content/uploads/2023/05/lorenz_lehmann.jpg" />
	<meta property="og:image:width" content="235" />
	<meta property="og:image:height" content="235" />
	<meta property="og:image:type" content="image/jpeg" />
<meta name="twitter:card" content="summary_large_image" />
<script type="application/ld+json" class="yoast-schema-graph">{"@context":"https://schema.org","@graph":[{"@type":"WebPage","@id":"https://www.ecosens.ch/ansprechpartner/lorenz-lehmann/","url":"https://www.ecosens.ch/ansprechpartner/lorenz-lehmann/","name":"Lorenz Lehmann - Partner, Ressortleiter Umwelt- und Klimarecht, Präsident des Verwaltungsrats - Ecosens AG","isPartOf":{"@id":"https://www.ecosens.ch/#website"},"primaryImageOfPage":{"@id":"https://www.ecosens.ch/ansprechpartner/lorenz-lehmann/#primaryimage"},"image":{"@id":"https://www.ecosens.ch/ansprechpartner/lorenz-lehmann/#primaryimage"},"thumbnailUrl":"https://www.ecosens.ch/wp-content/uploads/2023/05/lorenz_lehmann.jpg","datePublished":"2023-05-18T11:25:14+00:00","dateModified":"2024-04-30T08:24:12+00:00","description":"Erfahrung Sekretär und Ersatzrichter am Bezirksgericht (1993 - 1999); Bau-, Planungs- und Umweltrecht (seit 1999) Klimarecht (seit 2019) Stiftungsrat My Climate (seit 2022) Spezialgebiete Altlasten, Abfall- und Deponierecht, Klimarecht, Immissionsschutz, Legal Compliance","breadcrumb":{"@id":"https://www.ecosens.ch/ansprechpartner/lorenz-lehmann/#breadcrumb"},"inLanguage":"fr-FR","potentialAction":[{"@type":"ReadAction","target":["https://www.ecosens.ch/ansprechpartner/lorenz-lehmann/"]}]},{"@type":"ImageObject","inLanguage":"fr-FR","@id":"https://www.ecosens.ch/ansprechpartner/lorenz-lehmann/#primaryimage","url":"https://www.ecosens.ch/wp-content/uploads/2023/05/lorenz_lehmann.jpg","contentUrl":"https://www.ecosens.ch/wp-content/uploads/2023/05/lorenz_lehmann.jpg","width":235,"height":235},{"@type":"BreadcrumbList","@id":"https://www.ecosens.ch/ansprechpartner/lorenz-lehmann/#breadcrumb","itemListElement":[{"@type":"ListItem","position":1,"name":"Startseite","item":"https://www.ecosens.ch/"},{"@type":"ListItem","position":2,"name":"Lorenz Lehmann"}]},{"@type":"WebSite","@id":"https://www.ecosens.ch/#website","url":"https://www.ecosens.ch/","name":"Ecosens AG","description":"","publisher":{"@id":"https://www.ecosens.ch/#organization"},"potentialAction":[{"@type":"SearchAction","target":{"@type":"EntryPoint","urlTemplate":"https://www.ecosens.ch/?s={search_term_string}"},"query-input":{"@type":"PropertyValueSpecification","valueRequired":true,"valueName":"search_term_string"}}],"inLanguage":"fr-FR"},{"@type":"Organization","@id":"https://www.ecosens.ch/#organization","name":"Ecosens AG","url":"https://www.ecosens.ch/","logo":{"@type":"ImageObject","inLanguage":"fr-FR","@id":"https://www.ecosens.ch/#/schema/logo/image/","url":"https://www.ecosens.ch/wp-content/uploads/2023/01/logo.svg","contentUrl":"https://www.ecosens.ch/wp-content/uploads/2023/01/logo.svg","width":226,"height":45,"caption":"Ecosens AG"},"image":{"@id":"https://www.ecosens.ch/#/schema/logo/image/"}}]}</script>
<!-- / Yoast SEO plugin. -->

Lorenz Lehmann - Associé, responsable du ressort Droit de l'environnement et du climat, président du conseil d'administration - Ecosens AG

Expérience Secrétaire et juge suppléant au tribunal de district (1993 - 1999) ; droit de la construction, de l'aménagement et de l'environnement (depuis 1999) droit du climat (depuis 2019) conseil de fondation My Climate (depuis 2022) Spécialités Sites contaminés, droit des déchets et des décharges, droit du climat, protection contre les immissions, Legal Compliance

Lorenz Lehmann - Partner, Ressortleiter Umwelt- und Klimarecht, Präsident des Verwaltungsrats - Ecosens AG

Erfahrung Sekretär und Ersatzrichter am Bezirksgericht (1993 - 1999); Bau-, Planungs- und Umweltrecht (seit 1999) Klimarecht (seit 2019) Stiftungsrat My Climate (seit 2022)  Spezialgebiete Altlasten, Abfall- und Deponierecht, Klimarecht, Immissionsschutz, Legal Compliance
