{"id":4817,"date":"2023-05-25T20:22:40","date_gmt":"2023-05-25T18:22:40","guid":{"rendered":"https:\/\/ecosens.aretis-staging.ch\/?post_type=referenz&#038;p=4817"},"modified":"2025-06-12T10:28:24","modified_gmt":"2025-06-12T08:28:24","slug":"geriatric-clinic-st-gallen","status":"publish","type":"referenz","link":"https:\/\/www.ecosens.ch\/en\/reference\/geriatric-clinic-st-gallen\/","title":{"rendered":"Specialist planning and construction management, St. Gallen"},"featured_media":4818,"template":"","kategorie":[76,69],"class_list":["post-4817","referenz","type-referenz","status-publish","has-post-thumbnail","hentry","kategorie-gebaeudeschadstoffe","kategorie-gebaeude"],"acf":[],"yoast_head":"<!-- This site is optimized with the Yoast SEO plugin v26.8 - https:\/\/yoast.com\/product\/yoast-seo-wordpress\/ -->\n<title>Fachplanung und Fachbauleitung, St. Gallen - Ecosens AG<\/title>\n<meta name=\"description\" content=\"Die Geriatrische Klinik wurde zwischen 2017 und 2019 saniert und umgebaut. Zum Bauprojekt geh\u00f6rte auch der R\u00fcckbau eines Geb\u00e4udeteils um die Erweiterung des Geb\u00e4udes zu erm\u00f6glichen. Im Rahmen von Schadstoffuntersuchungen wurden im Geb\u00e4ude verschiedene asbesthaltige Bauteile und -materialien entdeckt. Diese wurden \u00fcber drei Jahre in verschiedenen Etappen fachgerecht entfernt und saniert. Auch w\u00e4hrend der Sanierung war noch ein Teil der Klinik in Betrieb. Die Sanierung wurde durch die Ecosens AG fachlich und messtechnisch begleitet.\" \/>\n<meta name=\"robots\" content=\"index, follow, max-snippet:-1, max-image-preview:large, max-video-preview:-1\" \/>\n<link rel=\"canonical\" href=\"https:\/\/www.ecosens.ch\/en\/reference\/geriatric-clinic-st-gallen\/\" \/>\n<meta property=\"og:locale\" content=\"en_US\" \/>\n<meta property=\"og:type\" content=\"article\" \/>\n<meta property=\"og:title\" content=\"Fachplanung und Fachbauleitung, St. Gallen - Ecosens AG\" \/>\n<meta property=\"og:description\" content=\"Die Geriatrische Klinik wurde zwischen 2017 und 2019 saniert und umgebaut. Zum Bauprojekt geh\u00f6rte auch der R\u00fcckbau eines Geb\u00e4udeteils um die Erweiterung des Geb\u00e4udes zu erm\u00f6glichen. Im Rahmen von Schadstoffuntersuchungen wurden im Geb\u00e4ude verschiedene asbesthaltige Bauteile und -materialien entdeckt. Diese wurden \u00fcber drei Jahre in verschiedenen Etappen fachgerecht entfernt und saniert. Auch w\u00e4hrend der Sanierung war noch ein Teil der Klinik in Betrieb. Die Sanierung wurde durch die Ecosens AG fachlich und messtechnisch begleitet.\" \/>\n<meta property=\"og:url\" content=\"https:\/\/www.ecosens.ch\/en\/reference\/geriatric-clinic-st-gallen\/\" \/>\n<meta property=\"og:site_name\" content=\"Ecosens AG\" \/>\n<meta property=\"article:modified_time\" content=\"2025-06-12T08:28:24+00:00\" \/>\n<meta property=\"og:image\" content=\"https:\/\/www.ecosens.ch\/wp-content\/uploads\/2023\/05\/referenz_gebaeudeschadstoffe3.jpg\" \/>\n\t<meta property=\"og:image:width\" content=\"405\" \/>\n\t<meta property=\"og:image:height\" content=\"291\" \/>\n\t<meta property=\"og:image:type\" content=\"image\/jpeg\" \/>\n<meta name=\"twitter:card\" content=\"summary_large_image\" \/>\n<script type=\"application\/ld+json\" class=\"yoast-schema-graph\">{\"@context\":\"https:\/\/schema.org\",\"@graph\":[{\"@type\":\"WebPage\",\"@id\":\"https:\/\/www.ecosens.ch\/referenz\/geriatrische-klinik-st-gallen\/\",\"url\":\"https:\/\/www.ecosens.ch\/referenz\/geriatrische-klinik-st-gallen\/\",\"name\":\"Fachplanung und Fachbauleitung, St. Gallen - Ecosens AG\",\"isPartOf\":{\"@id\":\"https:\/\/www.ecosens.ch\/#website\"},\"primaryImageOfPage\":{\"@id\":\"https:\/\/www.ecosens.ch\/referenz\/geriatrische-klinik-st-gallen\/#primaryimage\"},\"image\":{\"@id\":\"https:\/\/www.ecosens.ch\/referenz\/geriatrische-klinik-st-gallen\/#primaryimage\"},\"thumbnailUrl\":\"https:\/\/www.ecosens.ch\/wp-content\/uploads\/2023\/05\/referenz_gebaeudeschadstoffe3.jpg\",\"datePublished\":\"2023-05-25T18:22:40+00:00\",\"dateModified\":\"2025-06-12T08:28:24+00:00\",\"description\":\"Die Geriatrische Klinik wurde zwischen 2017 und 2019 saniert und umgebaut. Zum Bauprojekt geh\u00f6rte auch der R\u00fcckbau eines Geb\u00e4udeteils um die Erweiterung des Geb\u00e4udes zu erm\u00f6glichen. Im Rahmen von Schadstoffuntersuchungen wurden im Geb\u00e4ude verschiedene asbesthaltige Bauteile und -materialien entdeckt. Diese wurden \u00fcber drei Jahre in verschiedenen Etappen fachgerecht entfernt und saniert. Auch w\u00e4hrend der Sanierung war noch ein Teil der Klinik in Betrieb. Die Sanierung wurde durch die Ecosens AG fachlich und messtechnisch begleitet.\",\"breadcrumb\":{\"@id\":\"https:\/\/www.ecosens.ch\/referenz\/geriatrische-klinik-st-gallen\/#breadcrumb\"},\"inLanguage\":\"en-US\",\"potentialAction\":[{\"@type\":\"ReadAction\",\"target\":[\"https:\/\/www.ecosens.ch\/referenz\/geriatrische-klinik-st-gallen\/\"]}]},{\"@type\":\"ImageObject\",\"inLanguage\":\"en-US\",\"@id\":\"https:\/\/www.ecosens.ch\/referenz\/geriatrische-klinik-st-gallen\/#primaryimage\",\"url\":\"https:\/\/www.ecosens.ch\/wp-content\/uploads\/2023\/05\/referenz_gebaeudeschadstoffe3.jpg\",\"contentUrl\":\"https:\/\/www.ecosens.ch\/wp-content\/uploads\/2023\/05\/referenz_gebaeudeschadstoffe3.jpg\",\"width\":405,\"height\":291},{\"@type\":\"BreadcrumbList\",\"@id\":\"https:\/\/www.ecosens.ch\/referenz\/geriatrische-klinik-st-gallen\/#breadcrumb\",\"itemListElement\":[{\"@type\":\"ListItem\",\"position\":1,\"name\":\"Startseite\",\"item\":\"https:\/\/www.ecosens.ch\/\"},{\"@type\":\"ListItem\",\"position\":2,\"name\":\"Fachplanung und Fachbauleitung, St. Gallen\"}]},{\"@type\":\"WebSite\",\"@id\":\"https:\/\/www.ecosens.ch\/#website\",\"url\":\"https:\/\/www.ecosens.ch\/\",\"name\":\"Ecosens AG\",\"description\":\"\",\"publisher\":{\"@id\":\"https:\/\/www.ecosens.ch\/#organization\"},\"potentialAction\":[{\"@type\":\"SearchAction\",\"target\":{\"@type\":\"EntryPoint\",\"urlTemplate\":\"https:\/\/www.ecosens.ch\/?s={search_term_string}\"},\"query-input\":{\"@type\":\"PropertyValueSpecification\",\"valueRequired\":true,\"valueName\":\"search_term_string\"}}],\"inLanguage\":\"en-US\"},{\"@type\":\"Organization\",\"@id\":\"https:\/\/www.ecosens.ch\/#organization\",\"name\":\"Ecosens AG\",\"url\":\"https:\/\/www.ecosens.ch\/\",\"logo\":{\"@type\":\"ImageObject\",\"inLanguage\":\"en-US\",\"@id\":\"https:\/\/www.ecosens.ch\/#\/schema\/logo\/image\/\",\"url\":\"https:\/\/www.ecosens.ch\/wp-content\/uploads\/2023\/01\/logo.svg\",\"contentUrl\":\"https:\/\/www.ecosens.ch\/wp-content\/uploads\/2023\/01\/logo.svg\",\"width\":226,\"height\":45,\"caption\":\"Ecosens AG\"},\"image\":{\"@id\":\"https:\/\/www.ecosens.ch\/#\/schema\/logo\/image\/\"}}]}<\/script>\n<!-- \/ Yoast SEO plugin. -->","yoast_head_json":{"title":"Specialist planning and construction management, St. Gallen - Ecosens AG","description":"The geriatric clinic was renovated and converted between 2017 and 2019. The construction project also included the demolition of a section of the building to enable the extension of the building. Various components and materials containing asbestos were discovered in the building as part of pollutant investigations. These were professionally removed and remediated in various stages over a period of three years. Part of the clinic was still in operation during the refurbishment. Ecosens AG provided technical and measurement support for the remediation work.","robots":{"index":"index","follow":"follow","max-snippet":"max-snippet:-1","max-image-preview":"max-image-preview:large","max-video-preview":"max-video-preview:-1"},"canonical":"https:\/\/www.ecosens.ch\/en\/reference\/geriatric-clinic-st-gallen\/","og_locale":"en_US","og_type":"article","og_title":"Fachplanung und Fachbauleitung, St. Gallen - Ecosens AG","og_description":"Die Geriatrische Klinik wurde zwischen 2017 und 2019 saniert und umgebaut. Zum Bauprojekt geh\u00f6rte auch der R\u00fcckbau eines Geb\u00e4udeteils um die Erweiterung des Geb\u00e4udes zu erm\u00f6glichen. Im Rahmen von Schadstoffuntersuchungen wurden im Geb\u00e4ude verschiedene asbesthaltige Bauteile und -materialien entdeckt. Diese wurden \u00fcber drei Jahre in verschiedenen Etappen fachgerecht entfernt und saniert. Auch w\u00e4hrend der Sanierung war noch ein Teil der Klinik in Betrieb. Die Sanierung wurde durch die Ecosens AG fachlich und messtechnisch begleitet.","og_url":"https:\/\/www.ecosens.ch\/en\/reference\/geriatric-clinic-st-gallen\/","og_site_name":"Ecosens AG","article_modified_time":"2025-06-12T08:28:24+00:00","og_image":[{"width":405,"height":291,"url":"https:\/\/www.ecosens.ch\/wp-content\/uploads\/2023\/05\/referenz_gebaeudeschadstoffe3.jpg","type":"image\/jpeg"}],"twitter_card":"summary_large_image","schema":{"@context":"https:\/\/schema.org","@graph":[{"@type":"WebPage","@id":"https:\/\/www.ecosens.ch\/referenz\/geriatrische-klinik-st-gallen\/","url":"https:\/\/www.ecosens.ch\/referenz\/geriatrische-klinik-st-gallen\/","name":"Specialist planning and construction management, St. Gallen - Ecosens AG","isPartOf":{"@id":"https:\/\/www.ecosens.ch\/#website"},"primaryImageOfPage":{"@id":"https:\/\/www.ecosens.ch\/referenz\/geriatrische-klinik-st-gallen\/#primaryimage"},"image":{"@id":"https:\/\/www.ecosens.ch\/referenz\/geriatrische-klinik-st-gallen\/#primaryimage"},"thumbnailUrl":"https:\/\/www.ecosens.ch\/wp-content\/uploads\/2023\/05\/referenz_gebaeudeschadstoffe3.jpg","datePublished":"2023-05-25T18:22:40+00:00","dateModified":"2025-06-12T08:28:24+00:00","description":"The geriatric clinic was renovated and converted between 2017 and 2019. The construction project also included the demolition of a section of the building to enable the extension of the building. Various components and materials containing asbestos were discovered in the building as part of pollutant investigations. These were professionally removed and remediated in various stages over a period of three years. Part of the clinic was still in operation during the refurbishment. Ecosens AG provided technical and measurement support for the remediation work.","breadcrumb":{"@id":"https:\/\/www.ecosens.ch\/referenz\/geriatrische-klinik-st-gallen\/#breadcrumb"},"inLanguage":"en-US","potentialAction":[{"@type":"ReadAction","target":["https:\/\/www.ecosens.ch\/referenz\/geriatrische-klinik-st-gallen\/"]}]},{"@type":"ImageObject","inLanguage":"en-US","@id":"https:\/\/www.ecosens.ch\/referenz\/geriatrische-klinik-st-gallen\/#primaryimage","url":"https:\/\/www.ecosens.ch\/wp-content\/uploads\/2023\/05\/referenz_gebaeudeschadstoffe3.jpg","contentUrl":"https:\/\/www.ecosens.ch\/wp-content\/uploads\/2023\/05\/referenz_gebaeudeschadstoffe3.jpg","width":405,"height":291},{"@type":"BreadcrumbList","@id":"https:\/\/www.ecosens.ch\/referenz\/geriatrische-klinik-st-gallen\/#breadcrumb","itemListElement":[{"@type":"ListItem","position":1,"name":"Startseite","item":"https:\/\/www.ecosens.ch\/"},{"@type":"ListItem","position":2,"name":"Fachplanung und Fachbauleitung, St. Gallen"}]},{"@type":"WebSite","@id":"https:\/\/www.ecosens.ch\/#website","url":"https:\/\/www.ecosens.ch\/","name":"Ecosens AG","description":"","publisher":{"@id":"https:\/\/www.ecosens.ch\/#organization"},"potentialAction":[{"@type":"SearchAction","target":{"@type":"EntryPoint","urlTemplate":"https:\/\/www.ecosens.ch\/?s={search_term_string}"},"query-input":{"@type":"PropertyValueSpecification","valueRequired":true,"valueName":"search_term_string"}}],"inLanguage":"en-US"},{"@type":"Organization","@id":"https:\/\/www.ecosens.ch\/#organization","name":"Ecosens AG","url":"https:\/\/www.ecosens.ch\/","logo":{"@type":"ImageObject","inLanguage":"en-US","@id":"https:\/\/www.ecosens.ch\/#\/schema\/logo\/image\/","url":"https:\/\/www.ecosens.ch\/wp-content\/uploads\/2023\/01\/logo.svg","contentUrl":"https:\/\/www.ecosens.ch\/wp-content\/uploads\/2023\/01\/logo.svg","width":226,"height":45,"caption":"Ecosens AG"},"image":{"@id":"https:\/\/www.ecosens.ch\/#\/schema\/logo\/image\/"}}]}},"_links":{"self":[{"href":"https:\/\/www.ecosens.ch\/en\/wp-json\/wp\/v2\/referenz\/4817","targetHints":{"allow":["GET"]}}],"collection":[{"href":"https:\/\/www.ecosens.ch\/en\/wp-json\/wp\/v2\/referenz"}],"about":[{"href":"https:\/\/www.ecosens.ch\/en\/wp-json\/wp\/v2\/types\/referenz"}],"version-history":[{"count":6,"href":"https:\/\/www.ecosens.ch\/en\/wp-json\/wp\/v2\/referenz\/4817\/revisions"}],"predecessor-version":[{"id":10814,"href":"https:\/\/www.ecosens.ch\/en\/wp-json\/wp\/v2\/referenz\/4817\/revisions\/10814"}],"wp:featuredmedia":[{"embeddable":true,"href":"https:\/\/www.ecosens.ch\/en\/wp-json\/wp\/v2\/media\/4818"}],"wp:attachment":[{"href":"https:\/\/www.ecosens.ch\/en\/wp-json\/wp\/v2\/media?parent=4817"}],"wp:term":[{"taxonomy":"kategorie","embeddable":true,"href":"https:\/\/www.ecosens.ch\/en\/wp-json\/wp\/v2\/kategorie?post=4817"}],"curies":[{"name":"wp","href":"https:\/\/api.w.org\/{rel}","templated":true}]}}

<!-- This site is optimized with the Yoast SEO plugin v26.8 - https://yoast.com/product/yoast-seo-wordpress/ -->
<title>Fachplanung und Fachbauleitung, St. Gallen - Ecosens AG</title>
<meta name="description" content="Die Geriatrische Klinik wurde zwischen 2017 und 2019 saniert und umgebaut. Zum Bauprojekt gehörte auch der Rückbau eines Gebäudeteils um die Erweiterung des Gebäudes zu ermöglichen. Im Rahmen von Schadstoffuntersuchungen wurden im Gebäude verschiedene asbesthaltige Bauteile und -materialien entdeckt. Diese wurden über drei Jahre in verschiedenen Etappen fachgerecht entfernt und saniert. Auch während der Sanierung war noch ein Teil der Klinik in Betrieb. Die Sanierung wurde durch die Ecosens AG fachlich und messtechnisch begleitet." />
<meta name="robots" content="index, follow, max-snippet:-1, max-image-preview:large, max-video-preview:-1" />
<link rel="canonical" href="https://www.ecosens.ch/en/reference/geriatric-clinic-st-gallen/" />
<meta property="og:locale" content="en_US" />
<meta property="og:type" content="article" />
<meta property="og:title" content="Fachplanung und Fachbauleitung, St. Gallen - Ecosens AG" />
<meta property="og:description" content="Die Geriatrische Klinik wurde zwischen 2017 und 2019 saniert und umgebaut. Zum Bauprojekt gehörte auch der Rückbau eines Gebäudeteils um die Erweiterung des Gebäudes zu ermöglichen. Im Rahmen von Schadstoffuntersuchungen wurden im Gebäude verschiedene asbesthaltige Bauteile und -materialien entdeckt. Diese wurden über drei Jahre in verschiedenen Etappen fachgerecht entfernt und saniert. Auch während der Sanierung war noch ein Teil der Klinik in Betrieb. Die Sanierung wurde durch die Ecosens AG fachlich und messtechnisch begleitet." />
<meta property="og:url" content="https://www.ecosens.ch/en/reference/geriatric-clinic-st-gallen/" />
<meta property="og:site_name" content="Ecosens AG" />
<meta property="article:modified_time" content="2025-06-12T08:28:24+00:00" />
<meta property="og:image" content="https://www.ecosens.ch/wp-content/uploads/2023/05/referenz_gebaeudeschadstoffe3.jpg" />
	<meta property="og:image:width" content="405" />
	<meta property="og:image:height" content="291" />
	<meta property="og:image:type" content="image/jpeg" />
<meta name="twitter:card" content="summary_large_image" />
<script type="application/ld+json" class="yoast-schema-graph">{"@context":"https://schema.org","@graph":[{"@type":"WebPage","@id":"https://www.ecosens.ch/referenz/geriatrische-klinik-st-gallen/","url":"https://www.ecosens.ch/referenz/geriatrische-klinik-st-gallen/","name":"Fachplanung und Fachbauleitung, St. Gallen - Ecosens AG","isPartOf":{"@id":"https://www.ecosens.ch/#website"},"primaryImageOfPage":{"@id":"https://www.ecosens.ch/referenz/geriatrische-klinik-st-gallen/#primaryimage"},"image":{"@id":"https://www.ecosens.ch/referenz/geriatrische-klinik-st-gallen/#primaryimage"},"thumbnailUrl":"https://www.ecosens.ch/wp-content/uploads/2023/05/referenz_gebaeudeschadstoffe3.jpg","datePublished":"2023-05-25T18:22:40+00:00","dateModified":"2025-06-12T08:28:24+00:00","description":"Die Geriatrische Klinik wurde zwischen 2017 und 2019 saniert und umgebaut. Zum Bauprojekt gehörte auch der Rückbau eines Gebäudeteils um die Erweiterung des Gebäudes zu ermöglichen. Im Rahmen von Schadstoffuntersuchungen wurden im Gebäude verschiedene asbesthaltige Bauteile und -materialien entdeckt. Diese wurden über drei Jahre in verschiedenen Etappen fachgerecht entfernt und saniert. Auch während der Sanierung war noch ein Teil der Klinik in Betrieb. Die Sanierung wurde durch die Ecosens AG fachlich und messtechnisch begleitet.","breadcrumb":{"@id":"https://www.ecosens.ch/referenz/geriatrische-klinik-st-gallen/#breadcrumb"},"inLanguage":"en-US","potentialAction":[{"@type":"ReadAction","target":["https://www.ecosens.ch/referenz/geriatrische-klinik-st-gallen/"]}]},{"@type":"ImageObject","inLanguage":"en-US","@id":"https://www.ecosens.ch/referenz/geriatrische-klinik-st-gallen/#primaryimage","url":"https://www.ecosens.ch/wp-content/uploads/2023/05/referenz_gebaeudeschadstoffe3.jpg","contentUrl":"https://www.ecosens.ch/wp-content/uploads/2023/05/referenz_gebaeudeschadstoffe3.jpg","width":405,"height":291},{"@type":"BreadcrumbList","@id":"https://www.ecosens.ch/referenz/geriatrische-klinik-st-gallen/#breadcrumb","itemListElement":[{"@type":"ListItem","position":1,"name":"Startseite","item":"https://www.ecosens.ch/"},{"@type":"ListItem","position":2,"name":"Fachplanung und Fachbauleitung, St. Gallen"}]},{"@type":"WebSite","@id":"https://www.ecosens.ch/#website","url":"https://www.ecosens.ch/","name":"Ecosens AG","description":"","publisher":{"@id":"https://www.ecosens.ch/#organization"},"potentialAction":[{"@type":"SearchAction","target":{"@type":"EntryPoint","urlTemplate":"https://www.ecosens.ch/?s={search_term_string}"},"query-input":{"@type":"PropertyValueSpecification","valueRequired":true,"valueName":"search_term_string"}}],"inLanguage":"en-US"},{"@type":"Organization","@id":"https://www.ecosens.ch/#organization","name":"Ecosens AG","url":"https://www.ecosens.ch/","logo":{"@type":"ImageObject","inLanguage":"en-US","@id":"https://www.ecosens.ch/#/schema/logo/image/","url":"https://www.ecosens.ch/wp-content/uploads/2023/01/logo.svg","contentUrl":"https://www.ecosens.ch/wp-content/uploads/2023/01/logo.svg","width":226,"height":45,"caption":"Ecosens AG"},"image":{"@id":"https://www.ecosens.ch/#/schema/logo/image/"}}]}</script>
<!-- / Yoast SEO plugin. -->

Die Geriatrische Klinik wurde zwischen 2017 und 2019 saniert und umgebaut. Zum Bauprojekt gehörte auch der Rückbau eines Gebäudeteils um die Erweiterung des Gebäudes zu ermöglichen. Im Rahmen von Schadstoffuntersuchungen wurden im Gebäude verschiedene asbesthaltige Bauteile und -materialien entdeckt. Diese wurden über drei Jahre in verschiedenen Etappen fachgerecht entfernt und saniert. Auch während der Sanierung war noch ein Teil der Klinik in Betrieb. Die Sanierung wurde durch die Ecosens AG fachlich und messtechnisch begleitet.
